Last updated on 2022-06-28 12:52:29 CEST.
Flavor | Version | Tinstall | Tcheck | Ttotal | Status | Flags |
---|---|---|---|---|---|---|
r-devel-linux-x86_64-debian-clang | 1.2-12 | 24.39 | 199.29 | 223.68 | OK | |
r-devel-linux-x86_64-debian-gcc | 1.2-12 | 16.36 | 144.55 | 160.91 | OK | |
r-devel-linux-x86_64-fedora-clang | 1.2-12 | 264.53 | WARN | |||
r-devel-linux-x86_64-fedora-gcc | 1.2-12 | 267.11 | WARN | |||
r-devel-windows-x86_64 | 1.2-12 | 31.00 | 200.00 | 231.00 | OK | |
r-patched-linux-x86_64 | 1.2-12 | 13.68 | 182.94 | 196.62 | OK | |
r-release-linux-x86_64 | 1.2-12 | 13.16 | 185.09 | 198.25 | OK | |
r-release-macos-arm64 | 1.2-12 | 74.00 | OK | |||
r-release-macos-x86_64 | 1.2-12 | 129.00 | OK | |||
r-release-windows-x86_64 | 1.2-12 | 35.00 | 196.00 | 231.00 | OK | |
r-oldrel-macos-arm64 | 1.2-12 | 84.00 | OK | |||
r-oldrel-macos-x86_64 | 1.2-12 | 93.00 | OK | |||
r-oldrel-windows-ix86+x86_64 | 1.2-12 | 45.00 | 214.00 | 259.00 | OK |
Version: 1.2-12
Check: package dependencies
Result: WARN
Requires orphaned package: ‘gtools’
Flavors: r-devel-linux-x86_64-fedora-clang, r-devel-linux-x86_64-fedora-gcc