Last updated on 2023-06-06 13:59:44 CEST.
Flavor | Version | Tinstall | Tcheck | Ttotal | Status | Flags |
---|---|---|---|---|---|---|
r-devel-linux-x86_64-debian-clang | 1.1.0 | 3.86 | 136.17 | 140.03 | OK | |
r-devel-linux-x86_64-debian-gcc | 1.1.0 | 3.79 | 95.30 | 99.09 | OK | |
r-devel-linux-x86_64-fedora-clang | 1.1.0 | 166.74 | OK | |||
r-devel-linux-x86_64-fedora-gcc | 1.1.0 | 161.46 | OK | |||
r-devel-windows-x86_64 | 1.1.0 | 5.00 | 105.00 | 110.00 | OK | |
r-patched-linux-x86_64 | 1.1.0 | 9.05 | 127.04 | 136.09 | OK | |
r-release-linux-x86_64 | 1.1.0 | 3.25 | 127.30 | 130.55 | OK | |
r-release-macos-arm64 | 1.1.0 | 42.00 | OK | |||
r-release-macos-x86_64 | 1.1.0 | 61.00 | OK | |||
r-release-windows-x86_64 | 1.1.0 | 7.00 | 128.00 | 135.00 | OK | |
r-oldrel-macos-arm64 | 1.1.0 | 49.00 | ERROR | |||
r-oldrel-macos-x86_64 | 1.1.0 | 63.00 | ERROR | |||
r-oldrel-windows-x86_64 | 1.1.0 | 6.00 | 135.00 | 141.00 | OK |
Version: 1.1.0
Check: PDF version of manual
Result: WARN
LaTeX errors when creating PDF version.
This typically indicates Rd problems.
LaTeX errors found:
! Undefined control sequence.
<recently read> \mathbb
l.268 ..., a random vector of \eqn{\mathbb{R}^p}{}
(\eqn{p > 1}{}) distribut...
! Undefined control sequence.
<recently read> \mathbb
l.270 ..., a random vector of \eqn{\mathbb{R}^p}{}
distributed according to ...
Flavors: r-oldrel-macos-arm64, r-oldrel-macos-x86_64
Version: 1.1.0
Check: PDF version of manual without index
Result: ERROR
Flavors: r-oldrel-macos-arm64, r-oldrel-macos-x86_64