CRAN Package Check Results for Package mgcv

Last updated on 2019-04-20 18:48:17 CEST.

Flavor Version Tinstall Tcheck Ttotal Status Flags
r-devel-linux-x86_64-debian-clang 1.8-28 78.36 397.56 475.92 ERROR
r-devel-linux-x86_64-debian-gcc 1.8-28 55.61 560.08 615.69 OK
r-devel-linux-x86_64-fedora-clang 1.8-28 692.31 OK
r-devel-linux-x86_64-fedora-gcc 1.8-28 657.30 OK
r-devel-windows-ix86+x86_64 1.8-28 139.00 967.00 1106.00 OK
r-patched-linux-x86_64 1.8-28 56.92 439.87 496.79 OK
r-patched-solaris-x86 1.8-28 OK
r-release-linux-x86_64 1.8-28 61.09 479.49 540.58 OK
r-release-windows-ix86+x86_64 1.8-28 103.00 1106.00 1209.00 OK
r-release-osx-x86_64 1.8-28 OK
r-oldrel-windows-ix86+x86_64 1.8-28 98.00 1185.00 1283.00 OK
r-oldrel-osx-x86_64 1.8-28 OK

Check Details

Version: 1.8-28
Check: examples
Result: ERROR
    Running examples in 'mgcv-Ex.R' failed
    The error most likely occurred in:
    
    > base::assign(".ptime", proc.time(), pos = "CheckExEnv")
    > ### Name: bandchol
    > ### Title: Choleski decomposition of a band diagonal matrix
    > ### Aliases: bandchol
    > ### Keywords: models smooth regression
    >
    > ### ** Examples
    >
    > require(mgcv)
    > ## simulate a banded diagonal matrix
    > n <- 7;set.seed(8)
    > A <- matrix(0,n,n)
    > sdiag(A) <- runif(n);sdiag(A,1) <- runif(n-1)
    > sdiag(A,2) <- runif(n-2)
    > A <- crossprod(A)
    >
    > ## full matrix form...
    > bandchol(A)
    Error in bandchol(A) : BLAS/LAPACK routine 'DPBTF2' gave error code -1
    Execution halted
Flavor: r-devel-linux-x86_64-debian-clang