CRAN Package Check Results for Package mgcv

Last updated on 2022-10-03 05:50:50 CEST.

Flavor Version Tinstall Tcheck Ttotal Status Flags
r-devel-linux-x86_64-debian-clang 1.8-40 105.85 514.52 620.37 NOTE
r-devel-linux-x86_64-debian-gcc 1.8-40 71.45 379.51 450.96 NOTE
r-devel-linux-x86_64-fedora-clang 1.8-40 438.31 NOTE
r-devel-linux-x86_64-fedora-gcc 1.8-40 734.51 NOTE
r-devel-windows-x86_64 1.8-40 132.00 555.00 687.00 NOTE
r-patched-linux-x86_64 1.8-40 94.26 490.28 584.54 OK
r-release-linux-x86_64 1.8-40 91.76 493.47 585.23 OK
r-release-macos-arm64 1.8-40 192.00 OK
r-release-macos-x86_64 1.8-40 245.00 OK
r-release-windows-x86_64 1.8-40 138.00 545.00 683.00 OK
r-oldrel-macos-arm64 1.8-40 172.00 OK
r-oldrel-macos-x86_64 1.8-40 239.00 OK
r-oldrel-windows-ix86+x86_64 1.8-40 169.00 778.00 947.00 OK

Check Details

Version: 1.8-40
Check: Rd files
Result: NOTE
    checkRd: (-1) gam.fit3.Rd:4: Escaped LaTeX specials: \&
Flavors: r-devel-linux-x86_64-debian-clang, r-devel-linux-x86_64-debian-gcc, r-devel-linux-x86_64-fedora-clang, r-devel-linux-x86_64-fedora-gcc, r-devel-windows-x86_64