CRAN Package Check Results for Package mfpp

Last updated on 2024-02-29 15:53:50 CET.

Flavor Version Tinstall Tcheck Ttotal Status Flags
r-devel-linux-x86_64-debian-clang 0.0.5 5.67 60.80 66.47 NOTE
r-devel-linux-x86_64-debian-gcc 0.0.5 4.72 44.75 49.47 NOTE
r-devel-linux-x86_64-fedora-clang 0.0.5 80.23 NOTE
r-devel-linux-x86_64-fedora-gcc 0.0.5 77.49 NOTE
r-devel-windows-x86_64 0.0.5 6.00 74.00 80.00 OK
r-patched-linux-x86_64 0.0.5 7.24 59.04 66.28 OK
r-release-linux-x86_64 0.0.5 5.71 58.58 64.29 OK
r-release-macos-arm64 0.0.5 32.00 OK
r-release-macos-x86_64 0.0.5 55.00 OK
r-release-windows-x86_64 0.0.5 9.00 79.00 88.00 OK
r-oldrel-macos-arm64 0.0.5 32.00 OK
r-oldrel-windows-x86_64 0.0.5 9.00 85.00 94.00 OK

Check Details

Version: 0.0.5
Check: Rd files
Result: NOTE checkRd: (-1) generatepdm.Rd:27: Lost braces; missing escapes or markup? 27 | \item{PDM}{[PEM,TD, CD, {QD,RD}] is a Project Domain Matrix (a numeric matrix), where;} | ^ checkRd: (-1) percent.Rd:10: Lost braces; missing escapes or markup? 10 | \item{PDM}{is a Project Domain Matrix (a numeric matrix), where PDM=[LD,TD, CD, {QD,RD}]. LD is an N by N upper triangular matrix of logic domain (a numeric matrix); TD is an N by w matrix of task durations (a numeric matrix); CD is an N by w matrix of cost demands (a numeric matrix); QD is an optinal N by w matrix of quality parameters (a numeric optional matrix); RD is an N by w*nR matrix of resource demands (a numeric optional matrix).} | ^ checkRd: (-1) phase1.Rd:12: Lost braces; missing escapes or markup? 12 | \item{x}{is either a Project Domain Matrix (a numeric matrix), where PDM=[LD,TD, CD, {QD,RD}]. LD is an N by N upper triangular matrix of logic domain (a numeric matrix); TD is an N by w matrix of task durations (a numeric matrix); CD is an N by w matrix of cost demands (a numeric matrix); QD is an optinal N by w matrix of quality parameters (a numeric optional matrix); RD is an N by w*nR matrix of resource demands (a numeric optional matrix), or PDM list, which contain a PDM matrix, and the number of completion modes (w) and the number of resources.} | ^ checkRd: (-1) phase2.Rd:10: Lost braces; missing escapes or markup? 10 | \item{x}{is either a Project Domain Matrix (a numeric matrix), where PDM=[LD,TD, CD, {QD,RD}]. LD is an N by N upper triangular matrix of logic domain (a numeric matrix); TD is an N by w matrix of task durations (a numeric matrix); CD is an N by w matrix of cost demands (a numeric matrix); QD is an optinal N by w matrix of quality parameters (a numeric optional matrix); RD is an N by w*nR matrix of resource demands (a numeric optional matrix), or PDM list, which contain a PDM matrix, and the number of completion modes (w) and the number of resources.} | ^ checkRd: (-1) phase3.Rd:9: Lost braces; missing escapes or markup? 9 | \item{x}{is either a Project Domain Matrix (a numeric matrix), where PDM=[LD,TD, CD, {QD,RD}]. LD is an N by N upper triangular matrix of logic domain (a numeric matrix); TD is an N by w matrix of task durations (a numeric matrix); CD is an N by w matrix of cost demands (a numeric matrix); QD is an optinal N by w matrix of quality parameters (a numeric optional matrix); RD is an N by w*nR matrix of resource demands (a numeric optional matrix), or PDM list, which contain a PDM matrix, and the number of completion modes (w) and the number of resources.} | ^ Flavors: r-devel-linux-x86_64-debian-clang, r-devel-linux-x86_64-debian-gcc, r-devel-linux-x86_64-fedora-clang, r-devel-linux-x86_64-fedora-gcc