CRAN Package Check Results for Package mfGARCH

Last updated on 2024-07-14 08:48:26 CEST.

Flavor Version Tinstall Tcheck Ttotal Status Flags
r-devel-linux-x86_64-debian-clang 0.2.1 51.86 198.67 250.53 NOTE
r-devel-linux-x86_64-debian-gcc 0.2.1 32.66 154.31 186.97 NOTE
r-devel-linux-x86_64-fedora-clang 0.2.1 335.83 NOTE
r-devel-linux-x86_64-fedora-gcc 0.2.1 353.48 NOTE
r-devel-windows-x86_64 0.2.1 43.00 210.00 253.00 NOTE
r-patched-linux-x86_64 0.2.1 46.79 188.93 235.72 NOTE
r-release-linux-x86_64 0.2.1 46.08 184.22 230.30 NOTE
r-release-macos-arm64 0.2.1 88.00 NOTE
r-release-macos-x86_64 0.2.1 130.00 NOTE
r-release-windows-x86_64 0.2.1 43.00 212.00 255.00 NOTE
r-oldrel-macos-arm64 0.2.1 100.00 NOTE
r-oldrel-macos-x86_64 0.2.1 181.00 NOTE
r-oldrel-windows-x86_64 0.2.1 55.00 248.00 303.00 NOTE

Check Details

Version: 0.2.1
Check: package subdirectories
Result: NOTE Problems with news in ‘NEWS.md’: No news entries found. Flavors: r-devel-linux-x86_64-debian-clang, r-devel-linux-x86_64-debian-gcc, r-devel-linux-x86_64-fedora-clang, r-devel-linux-x86_64-fedora-gcc, r-devel-windows-x86_64, r-patched-linux-x86_64, r-release-linux-x86_64, r-release-macos-arm64, r-release-macos-x86_64, r-release-windows-x86_64, r-oldrel-macos-arm64, r-oldrel-macos-x86_64, r-oldrel-windows-x86_64