Last updated on 2023-12-11 05:51:59 CET.
Flavor | Version | Tinstall | Tcheck | Ttotal | Status | Flags |
---|---|---|---|---|---|---|
r-devel-linux-x86_64-debian-clang | 0.2.1 | 50.08 | 191.52 | 241.60 | NOTE | |
r-devel-linux-x86_64-debian-gcc | 0.2.1 | 34.56 | 155.91 | 190.47 | NOTE | |
r-devel-linux-x86_64-fedora-clang | 0.2.1 | 342.04 | NOTE | |||
r-devel-linux-x86_64-fedora-gcc | 0.2.1 | 354.31 | NOTE | |||
r-devel-windows-x86_64 | 0.2.1 | 42.00 | 207.00 | 249.00 | NOTE | |
r-patched-linux-x86_64 | 0.2.1 | 36.33 | 188.46 | 224.79 | NOTE | |
r-release-linux-x86_64 | 0.2.1 | 43.72 | 184.99 | 228.71 | NOTE | |
r-release-macos-arm64 | 0.2.1 | 100.00 | NOTE | |||
r-release-macos-x86_64 | 0.2.1 | 181.00 | NOTE | |||
r-release-windows-x86_64 | 0.2.1 | 54.00 | 253.00 | 307.00 | NOTE | |
r-oldrel-macos-arm64 | 0.2.1 | 89.00 | OK | |||
r-oldrel-macos-x86_64 | 0.2.1 | 113.00 | OK | |||
r-oldrel-windows-x86_64 | 0.2.1 | 47.00 | 268.00 | 315.00 | OK |
Version: 0.2.1
Check: package subdirectories
Result: NOTE
Problems with news in ‘NEWS.md’:
No news entries found.
Flavors: r-devel-linux-x86_64-debian-clang, r-devel-linux-x86_64-debian-gcc, r-devel-linux-x86_64-fedora-clang, r-devel-linux-x86_64-fedora-gcc, r-devel-windows-x86_64, r-patched-linux-x86_64, r-release-linux-x86_64, r-release-macos-arm64, r-release-macos-x86_64, r-release-windows-x86_64