CRAN Package Check Results for Package mev

Last updated on 2021-12-03 08:50:27 CET.

Flavor Version Tinstall Tcheck Ttotal Status Flags
r-devel-linux-x86_64-debian-clang 1.13.1 129.97 181.53 311.50 OK
r-devel-linux-x86_64-debian-gcc 1.13.1 93.75 133.35 227.10 OK
r-devel-linux-x86_64-fedora-clang 1.13.1 418.11 NOTE
r-devel-linux-x86_64-fedora-gcc 1.13.1 390.59 OK
r-devel-windows-x86_64-new-UL 1.13.1 178.00 280.00 458.00 OK
r-devel-windows-x86_64-new-TK 1.13.1 OK
r-devel-windows-x86_64-old 1.13.1 166.00 160.00 326.00 OK
r-patched-linux-x86_64 1.13.1 110.79 174.50 285.29 OK
r-patched-solaris-x86 1.13.1 386.20 OK
r-release-linux-x86_64 1.13.1 109.28 174.03 283.31 OK
r-release-macos-arm64 1.13.1 NOTE
r-release-macos-x86_64 1.13.1 NOTE
r-release-windows-ix86+x86_64 1.13.1 265.00 261.00 526.00 OK
r-oldrel-macos-x86_64 1.13.1 NOTE
r-oldrel-windows-ix86+x86_64 1.13.1 263.00 246.00 509.00 OK

Check Details

Version: 1.13.1
Check: installed package size
Result: NOTE
     installed size is 7.5Mb
     sub-directories of 1Mb or more:
     libs 5.8Mb
Flavors: r-devel-linux-x86_64-fedora-clang, r-release-macos-arm64, r-release-macos-x86_64, r-oldrel-macos-x86_64

Version: 1.13.1
Check: Rd cross-references
Result: NOTE
    Undeclared packages ‘hoa’, ‘evir’ in Rd xrefs
Flavor: r-devel-linux-x86_64-fedora-clang