CRAN Package Check Results for Package mets

Last updated on 2019-07-15 22:55:09 CEST.

Flavor Version Tinstall Tcheck Ttotal Status Flags
r-devel-linux-x86_64-debian-clang 1.2.5 265.19 290.84 556.03 WARN
r-devel-linux-x86_64-debian-gcc 1.2.5 209.94 229.67 439.61 OK
r-devel-linux-x86_64-fedora-clang 1.2.5 754.81 WARN
r-devel-linux-x86_64-fedora-gcc 1.2.5 746.79 OK
r-devel-windows-ix86+x86_64 1.2.5 600.00 446.00 1046.00 NOTE
r-patched-linux-x86_64 1.2.5 241.46 290.19 531.65 OK
r-patched-solaris-x86 1.2.5 800.60 NOTE
r-release-linux-x86_64 1.2.5 246.90 288.03 534.93 OK
r-release-windows-ix86+x86_64 1.2.5 444.00 588.00 1032.00 NOTE
r-release-osx-x86_64 1.2.5 WARN
r-oldrel-windows-ix86+x86_64 1.2.5 594.00 405.00 999.00 NOTE
r-oldrel-osx-x86_64 1.2.5 WARN

Additional issues

LTO

Check Details

Version: 1.2.5
Check: whether package can be installed
Result: WARN
    Found the following significant warnings:
     binomial-twostage.cpp:78:4: warning: explicitly assigning value of variable of type 'double' to itself [-Wself-assign]
     binomial-twostage.cpp:280:4: warning: explicitly assigning value of variable of type 'double' to itself [-Wself-assign]
Flavors: r-devel-linux-x86_64-debian-clang, r-devel-linux-x86_64-fedora-clang, r-release-osx-x86_64, r-oldrel-osx-x86_64

Version: 1.2.5
Check: installed package size
Result: NOTE
     installed size is 23.2Mb
     sub-directories of 1Mb or more:
     R 1.1Mb
     doc 1.1Mb
     libs 18.6Mb
     misc 1.1Mb
Flavors: r-devel-linux-x86_64-fedora-clang, r-devel-windows-ix86+x86_64, r-patched-solaris-x86, r-release-windows-ix86+x86_64, r-release-osx-x86_64, r-oldrel-windows-ix86+x86_64, r-oldrel-osx-x86_64