CRAN Package Check Results for Package mets

Last updated on 2019-04-24 14:47:33 CEST.

Flavor Version Tinstall Tcheck Ttotal Status Flags
r-devel-linux-x86_64-debian-clang 1.2.5 262.95 291.17 554.12 WARN
r-devel-linux-x86_64-debian-gcc 1.2.5 208.68 229.84 438.52 OK
r-devel-linux-x86_64-fedora-clang 1.2.5 775.35 WARN
r-devel-linux-x86_64-fedora-gcc 1.2.5 698.58 OK
r-devel-windows-ix86+x86_64 1.2.5 588.00 431.00 1019.00 NOTE
r-patched-linux-x86_64 1.2.5 237.30 293.32 530.62 OK
r-patched-solaris-x86 1.2.5 753.70 NOTE
r-release-linux-x86_64 1.2.5 241.83 278.50 520.33 OK
r-release-windows-ix86+x86_64 1.2.5 421.00 536.00 957.00 NOTE
r-release-osx-x86_64 1.2.5 WARN
r-oldrel-windows-ix86+x86_64 1.2.5 563.00 555.00 1118.00 NOTE
r-oldrel-osx-x86_64 1.2.5 NOTE

Check Details

Version: 1.2.5
Check: whether package can be installed
Result: WARN
    Found the following significant warnings:
     binomial-twostage.cpp:78:4: warning: explicitly assigning value of variable of type 'double' to itself [-Wself-assign]
     binomial-twostage.cpp:280:4: warning: explicitly assigning value of variable of type 'double' to itself [-Wself-assign]
Flavors: r-devel-linux-x86_64-debian-clang, r-devel-linux-x86_64-fedora-clang, r-release-osx-x86_64

Version: 1.2.5
Check: installed package size
Result: NOTE
     installed size is 23.0Mb
     sub-directories of 1Mb or more:
     R 1.1Mb
     doc 1.1Mb
     libs 18.3Mb
     misc 1.1Mb
Flavors: r-devel-linux-x86_64-fedora-clang, r-devel-windows-ix86+x86_64, r-patched-solaris-x86, r-release-windows-ix86+x86_64, r-release-osx-x86_64, r-oldrel-windows-ix86+x86_64, r-oldrel-osx-x86_64