CRAN Package Check Results for Package metro

Last updated on 2021-08-05 12:57:16 CEST.

Flavor Version Tinstall Tcheck Ttotal Status Flags
r-devel-linux-x86_64-debian-clang 0.9.1 4.97 41.38 46.35 OK
r-devel-linux-x86_64-debian-gcc 0.9.1 3.07 31.96 35.03 OK
r-devel-linux-x86_64-fedora-clang 0.9.1 64.58 NOTE
r-devel-linux-x86_64-fedora-gcc 0.9.1 52.13 NOTE
r-devel-windows-x86_64 0.9.1 7.00 62.00 69.00 OK
r-devel-windows-x86_64-gcc10-UCRT 0.9.1 ERROR
r-patched-linux-x86_64 0.9.1 5.52 39.49 45.01 OK
r-patched-solaris-x86 0.9.1 77.00 NOTE
r-release-linux-x86_64 0.9.1 4.14 39.44 43.58 OK
r-release-macos-arm64 0.9.1 NOTE
r-release-macos-x86_64 0.9.1 NOTE
r-release-windows-ix86+x86_64 0.9.1 10.00 45.00 55.00 OK
r-oldrel-macos-x86_64 0.9.1 NOTE
r-oldrel-windows-ix86+x86_64 0.9.1 14.00 62.00 76.00 OK

Check Details

Version: 0.9.1
Check: data for non-ASCII characters
Result: NOTE
     Note: found 1 marked UTF-8 string
Flavors: r-devel-linux-x86_64-fedora-clang, r-devel-linux-x86_64-fedora-gcc, r-patched-solaris-x86, r-release-macos-arm64, r-release-macos-x86_64, r-oldrel-macos-x86_64

Version: 0.9.1
Check: package dependencies
Result: ERROR
    Package required but not available: 'tibble'
    
    Package suggested but not available for checking: 'testthat'
    
    See section 'The DESCRIPTION file' in the 'Writing R Extensions'
    manual.
Flavor: r-devel-windows-x86_64-gcc10-UCRT