CRAN Package Check Results for Package meteorits

Last updated on 2021-11-29 19:51:35 CET.

Flavor Version Tinstall Tcheck Ttotal Status Flags
r-devel-linux-x86_64-debian-clang 0.1.1 46.41 281.59 328.00 OK
r-devel-linux-x86_64-debian-gcc 0.1.1 34.82 169.91 204.73 OK
r-devel-linux-x86_64-fedora-clang 0.1.1 418.42 NOTE
r-devel-linux-x86_64-fedora-gcc 0.1.1 350.62 OK
r-devel-windows-x86_64-new-UL 0.1.1 78.00 293.00 371.00 NOTE
r-devel-windows-x86_64-new-TK 0.1.1 OK
r-devel-windows-x86_64-old 0.1.1 72.00 265.00 337.00 NOTE
r-patched-linux-x86_64 0.1.1 42.22 307.10 349.32 OK
r-patched-solaris-x86 0.1.1 170.10 NOTE
r-release-linux-x86_64 0.1.1 43.99 443.26 487.25 OK
r-release-macos-arm64 0.1.1 NOTE
r-release-macos-x86_64 0.1.1 NOTE
r-release-windows-ix86+x86_64 0.1.1 126.00 173.00 299.00 NOTE
r-oldrel-macos-x86_64 0.1.1 NOTE
r-oldrel-windows-ix86+x86_64 0.1.1 97.00 328.00 425.00 NOTE

Check Details

Version: 0.1.1
Check: installed package size
Result: NOTE
     installed size is 6.7Mb
     sub-directories of 1Mb or more:
     doc 2.3Mb
     help 2.0Mb
     libs 2.0Mb
Flavors: r-devel-linux-x86_64-fedora-clang, r-devel-windows-x86_64-new-UL, r-devel-windows-x86_64-old, r-patched-solaris-x86, r-release-macos-arm64, r-release-macos-x86_64, r-release-windows-ix86+x86_64, r-oldrel-macos-x86_64, r-oldrel-windows-ix86+x86_64