Last updated on 2023-06-01 23:00:09 CEST.
Flavor | Version | Tinstall | Tcheck | Ttotal | Status | Flags |
---|---|---|---|---|---|---|
r-devel-linux-x86_64-debian-clang | 2.0.0 | 114.91 | 607.53 | 722.44 | OK | |
r-devel-linux-x86_64-debian-gcc | 2.0.1 | 78.36 | 388.86 | 467.22 | OK | |
r-devel-linux-x86_64-fedora-clang | 2.0.1 | 767.88 | NOTE | |||
r-devel-linux-x86_64-fedora-gcc | 2.0.1 | 784.36 | NOTE | |||
r-devel-windows-x86_64 | 2.0.1 | 72.00 | 335.00 | 407.00 | OK | |
r-patched-linux-x86_64 | 2.0.1 | OK | ||||
r-release-linux-x86_64 | 2.0.1 | 61.94 | 490.26 | 552.20 | OK | |
r-release-macos-arm64 | 2.0.1 | 193.00 | OK | |||
r-release-macos-x86_64 | 2.0.0 | 484.00 | NOTE | |||
r-release-windows-x86_64 | 2.0.1 | 101.00 | 454.00 | 555.00 | OK | |
r-oldrel-macos-arm64 | 2.0.1 | 204.00 | OK | |||
r-oldrel-macos-x86_64 | 2.0.1 | 368.00 | OK | |||
r-oldrel-windows-x86_64 | 2.0.1 | 69.00 | 345.00 | 414.00 | OK |
Version: 2.0.1
Check: data for non-ASCII characters
Result: NOTE
Note: found 3300 marked UTF-8 strings
Flavors: r-devel-linux-x86_64-fedora-clang, r-devel-linux-x86_64-fedora-gcc
Version: 2.0.0
Check: installed package size
Result: NOTE
installed size is 6.1Mb
sub-directories of 1Mb or more:
data 1.0Mb
libs 3.1Mb
Flavor: r-release-macos-x86_64