Last updated on 2025-01-18 08:49:21 CET.
Flavor | Version | Tinstall | Tcheck | Ttotal | Status | Flags |
---|---|---|---|---|---|---|
r-devel-linux-x86_64-debian-clang | 1.2.2 | 9.72 | 62.28 | 72.00 | OK | |
r-devel-linux-x86_64-debian-gcc | 1.2.2 | 6.22 | 41.85 | 48.07 | OK | |
r-devel-linux-x86_64-fedora-clang | 1.2.2 | 117.89 | NOTE | |||
r-devel-linux-x86_64-fedora-gcc | 1.2.2 | 106.81 | NOTE | |||
r-devel-windows-x86_64 | 1.2.2 | 12.00 | 78.00 | 90.00 | OK | |
r-patched-linux-x86_64 | 1.2.2 | 8.68 | 57.84 | 66.52 | OK | |
r-release-linux-x86_64 | 1.2.2 | 9.36 | 56.95 | 66.31 | OK | |
r-release-macos-arm64 | 1.2.2 | 33.00 | OK | |||
r-release-macos-x86_64 | 1.2.2 | 47.00 | OK | |||
r-release-windows-x86_64 | 1.2.2 | 11.00 | 99.00 | 110.00 | OK | |
r-oldrel-macos-arm64 | 1.2.2 | 36.00 | OK | |||
r-oldrel-macos-x86_64 | 1.2.2 | 56.00 | OK | |||
r-oldrel-windows-x86_64 | 1.2.2 | 14.00 | 91.00 | 105.00 | OK |
Version: 1.2.2
Check: dependencies in R code
Result: NOTE
Namespaces in Imports field not imported from:
‘ade4’ ‘dendextend’ ‘ggforce’ ‘ggrepel’ ‘stringr’ ‘tidyverse’
All declared Imports should be used.
Flavors: r-devel-linux-x86_64-fedora-clang, r-devel-linux-x86_64-fedora-gcc