CRAN Package Check Results for Package metaprotr

Last updated on 2021-04-16 00:47:19 CEST.

Flavor Version Tinstall Tcheck Ttotal Status Flags
r-devel-linux-x86_64-debian-clang 1.2.2 10.80 75.82 86.62 OK
r-devel-linux-x86_64-debian-gcc 1.2.2 8.42 55.54 63.96 OK
r-devel-linux-x86_64-fedora-clang 1.2.2 108.06 NOTE
r-devel-linux-x86_64-fedora-gcc 1.2.2 106.13 NOTE
r-devel-windows-ix86+x86_64 1.2.2 22.00 4.00 26.00 ERROR
r-devel-windows-x86_64-gcc10-UCRT 1.2.2 NOTE
r-patched-linux-x86_64 1.2.2 8.54 69.33 77.87 OK
r-patched-solaris-x86 1.2.2 134.20 NOTE
r-release-linux-x86_64 1.2.2 9.70 69.24 78.94 OK
r-release-macos-x86_64 1.2.2 NOTE
r-release-windows-ix86+x86_64 1.2.2 23.00 94.00 117.00 OK
r-oldrel-macos-x86_64 1.2.2 NOTE
r-oldrel-windows-ix86+x86_64 1.2.2 14.00 66.00 80.00 OK

Check Details

Version: 1.2.2
Check: dependencies in R code
Result: NOTE
    Namespaces in Imports field not imported from:
     ‘ade4’ ‘dendextend’ ‘ggforce’ ‘ggrepel’ ‘stringr’ ‘tidyverse’
     All declared Imports should be used.
Flavors: r-devel-linux-x86_64-fedora-clang, r-devel-linux-x86_64-fedora-gcc, r-devel-windows-x86_64-gcc10-UCRT, r-patched-solaris-x86, r-release-macos-x86_64, r-oldrel-macos-x86_64

Version: 1.2.2
Check: whether package can be installed
Result: ERROR
    Installation failed.
    See for details.
    *
Flavor: r-devel-windows-ix86+x86_64