CRAN Package Check Results for Package metaplotr

Last updated on 2019-09-21 17:46:54 CEST.

Flavor Version Tinstall Tcheck Ttotal Status Flags
r-devel-linux-x86_64-debian-clang 0.0.3 2.22 42.77 44.99 NOTE
r-devel-linux-x86_64-debian-gcc 0.0.3 1.59 33.46 35.05 NOTE
r-devel-linux-x86_64-fedora-clang 0.0.3 54.83 OK
r-devel-linux-x86_64-fedora-gcc 0.0.3 57.29 OK
r-devel-windows-ix86+x86_64 0.0.3 13.00 51.00 64.00 NOTE
r-patched-linux-x86_64 0.0.3 1.90 42.38 44.28 OK
r-patched-solaris-x86 0.0.3 77.30 OK
r-release-linux-x86_64 0.0.3 1.92 41.88 43.80 OK
r-release-windows-ix86+x86_64 0.0.3 5.00 54.00 59.00 OK
r-release-osx-x86_64 0.0.3 OK
r-oldrel-windows-ix86+x86_64 0.0.3 4.00 52.00 56.00 OK
r-oldrel-osx-x86_64 0.0.3 OK

Check Details

Version: 0.0.3
Check: package vignettes
Result: NOTE
    Package vignette with placeholder title 'Vignette Title':
     'how_to_use_crosshairs.Rmd'
Flavors: r-devel-linux-x86_64-debian-clang, r-devel-linux-x86_64-debian-gcc, r-devel-windows-ix86+x86_64