CRAN Package Check Results for Package metaplotr

Last updated on 2020-06-01 06:48:30 CEST.

Flavor Version Tinstall Tcheck Ttotal Status Flags
r-devel-linux-x86_64-debian-clang 0.0.3 2.48 46.41 48.89 NOTE
r-devel-linux-x86_64-debian-gcc 0.0.3 1.97 34.28 36.25 NOTE
r-devel-linux-x86_64-fedora-clang 0.0.3 62.80 OK
r-devel-linux-x86_64-fedora-gcc 0.0.3 55.09 OK
r-devel-windows-ix86+x86_64 0.0.3 8.00 71.00 79.00 NOTE
r-patched-linux-x86_64 0.0.3 2.21 46.01 48.22 NOTE
r-patched-solaris-x86 0.0.3 79.10 OK
r-release-linux-x86_64 0.0.3 2.40 45.01 47.41 NOTE
r-release-osx-x86_64 0.0.3 OK
r-release-windows-ix86+x86_64 0.0.3 7.00 131.00 138.00 NOTE
r-oldrel-osx-x86_64 0.0.3 OK
r-oldrel-windows-ix86+x86_64 0.0.3 5.00 59.00 64.00 OK

Check Details

Version: 0.0.3
Check: package vignettes
Result: NOTE
    Package vignette with placeholder title 'Vignette Title':
     'how_to_use_crosshairs.Rmd'
Flavors: r-devel-linux-x86_64-debian-clang, r-devel-linux-x86_64-debian-gcc, r-devel-windows-ix86+x86_64, r-patched-linux-x86_64, r-release-linux-x86_64, r-release-windows-ix86+x86_64