CRAN Package Check Results for Package metamer

Last updated on 2025-01-21 21:49:16 CET.

Flavor Version Tinstall Tcheck Ttotal Status Flags
r-devel-linux-x86_64-debian-clang 0.3.0 2.87 30.73 33.60 OK
r-devel-linux-x86_64-debian-gcc 0.3.0 2.13 22.75 24.88 OK
r-devel-linux-x86_64-fedora-clang 0.3.0 52.64 NOTE
r-devel-linux-x86_64-fedora-gcc 0.3.0 53.12 NOTE
r-devel-windows-x86_64 0.3.0 5.00 52.00 57.00 OK
r-patched-linux-x86_64 0.3.0 3.38 29.88 33.26 OK
r-release-linux-x86_64 0.3.0 1.99 30.08 32.07 OK
r-release-macos-arm64 0.3.0 22.00 OK
r-release-macos-x86_64 0.3.0 31.00 OK
r-release-windows-x86_64 0.3.0 5.00 52.00 57.00 OK
r-oldrel-macos-arm64 0.3.0 24.00 OK
r-oldrel-macos-x86_64 0.3.0 32.00 OK
r-oldrel-windows-x86_64 0.3.0 5.00 58.00 63.00 OK

Check Details

Version: 0.3.0
Check: dependencies in R code
Result: NOTE Namespace in Imports field not imported from: ‘progress’ All declared Imports should be used. Flavors: r-devel-linux-x86_64-fedora-clang, r-devel-linux-x86_64-fedora-gcc