CRAN Package Check Results for Package metacart

Last updated on 2019-09-15 08:47:21 CEST.

Flavor Version Tinstall Tcheck Ttotal Status Flags
r-devel-linux-x86_64-debian-clang 2.0-1 36.92 46.12 83.04 OK
r-devel-linux-x86_64-debian-gcc 2.0-1 29.74 35.03 64.77 OK
r-devel-linux-x86_64-fedora-clang 2.0-1 117.96 NOTE
r-devel-linux-x86_64-fedora-gcc 2.0-1 100.65 NOTE
r-devel-windows-ix86+x86_64 2.0-1 133.00 78.00 211.00 OK
r-patched-linux-x86_64 2.0-1 34.89 44.17 79.06 OK
r-patched-solaris-x86 2.0-1 129.40 NOTE
r-release-linux-x86_64 2.0-1 34.26 44.15 78.41 OK
r-release-windows-ix86+x86_64 2.0-1 67.00 77.00 144.00 OK
r-release-osx-x86_64 2.0-1 NOTE
r-oldrel-windows-ix86+x86_64 2.0-1 96.00 74.00 170.00 OK
r-oldrel-osx-x86_64 2.0-1 NOTE

Check Details

Version: 2.0-1
Check: dependencies in R code
Result: NOTE
    Namespace in Imports field not imported from: ‘Rcpp’
     All declared Imports should be used.
Flavors: r-devel-linux-x86_64-fedora-clang, r-devel-linux-x86_64-fedora-gcc, r-patched-solaris-x86, r-release-osx-x86_64, r-oldrel-osx-x86_64