CRAN Package Check Results for Package metabolic

Last updated on 2021-06-13 23:49:11 CEST.

Flavor Version Tinstall Tcheck Ttotal Status Flags
r-devel-linux-x86_64-debian-clang 0.1.0 4.63 49.11 53.74 OK
r-devel-linux-x86_64-debian-gcc 0.1.0 3.68 37.05 40.73 OK
r-devel-linux-x86_64-fedora-clang 0.1.0 72.78 NOTE
r-devel-linux-x86_64-fedora-gcc 0.1.0 61.78 NOTE
r-devel-windows-x86_64 0.1.0 9.00 69.00 78.00 OK
r-devel-windows-x86_64-gcc10-UCRT 0.1.0 NOTE
r-patched-linux-x86_64 0.1.0 5.08 47.42 52.50 OK
r-patched-solaris-x86 0.1.0 90.30 NOTE
r-release-linux-x86_64 0.1.0 3.55 47.45 51.00 OK
r-release-macos-arm64 0.1.0 NOTE
r-release-macos-x86_64 0.1.0 NOTE
r-release-windows-ix86+x86_64 0.1.0 11.00 70.00 81.00 OK
r-oldrel-macos-x86_64 0.1.0 NOTE
r-oldrel-windows-ix86+x86_64 0.1.0 11.00 68.00 79.00 OK

Check Details

Version: 0.1.0
Check: data for non-ASCII characters
Result: NOTE
     Note: found 37 marked UTF-8 strings
Flavors: r-devel-linux-x86_64-fedora-clang, r-devel-linux-x86_64-fedora-gcc, r-devel-windows-x86_64-gcc10-UCRT, r-patched-solaris-x86, r-release-macos-arm64, r-release-macos-x86_64, r-oldrel-macos-x86_64