CRAN Package Check Results for Package metaMix

Last updated on 2019-09-15 08:47:21 CEST.

Flavor Version Tinstall Tcheck Ttotal Status Flags
r-devel-linux-x86_64-debian-clang 0.3 12.60 108.09 120.69 OK
r-devel-linux-x86_64-debian-gcc 0.3 10.71 84.11 94.82 OK
r-devel-linux-x86_64-fedora-clang 0.3 143.26 OK
r-devel-linux-x86_64-fedora-gcc 0.3 123.47 OK
r-devel-windows-ix86+x86_64 0.3 49.00 141.00 190.00 OK
r-patched-linux-x86_64 0.3 12.15 102.57 114.72 OK
r-patched-solaris-x86 0.3 215.20 OK
r-release-linux-x86_64 0.3 11.64 102.58 114.22 OK
r-release-windows-ix86+x86_64 0.3 32.00 181.00 213.00 OK
r-release-osx-x86_64 0.3 ERROR
r-oldrel-windows-ix86+x86_64 0.3 27.00 123.00 150.00 OK
r-oldrel-osx-x86_64 0.3 ERROR

Check Details

Version: 0.3
Check: package dependencies
Result: ERROR
    Package required but not available: ‘Rmpi’
    
    See section ‘The DESCRIPTION file’ in the ‘Writing R Extensions’
    manual.
Flavors: r-release-osx-x86_64, r-oldrel-osx-x86_64