CRAN Package Check Results for Package metaMix

Last updated on 2020-01-19 19:47:56 CET.

Flavor Version Tinstall Tcheck Ttotal Status Flags
r-devel-linux-x86_64-debian-clang 0.3 12.79 112.03 124.82 OK
r-devel-linux-x86_64-debian-gcc 0.3 11.29 88.05 99.34 OK
r-devel-linux-x86_64-fedora-clang 0.3 156.89 OK
r-devel-linux-x86_64-fedora-gcc 0.3 149.72 OK
r-devel-windows-ix86+x86_64 0.3 44.00 201.00 245.00 OK
r-devel-windows-ix86+x86_64-gcc8 0.3 27.00 212.00 239.00 OK
r-patched-linux-x86_64 0.3 12.48 101.14 113.62 OK
r-patched-solaris-x86 0.3 207.40 OK
r-release-linux-x86_64 0.3 12.73 100.57 113.30 OK
r-release-windows-ix86+x86_64 0.3 44.00 125.00 169.00 OK
r-release-osx-x86_64 0.3 ERROR
r-oldrel-windows-ix86+x86_64 0.3 28.00 123.00 151.00 OK
r-oldrel-osx-x86_64 0.3 ERROR

Check Details

Version: 0.3
Check: package dependencies
Result: ERROR
    Package required but not available: ‘Rmpi’
    
    See section ‘The DESCRIPTION file’ in the ‘Writing R Extensions’
    manual.
Flavors: r-release-osx-x86_64, r-oldrel-osx-x86_64