Last updated on 2022-07-01 00:49:39 CEST.
Flavor | Version | Tinstall | Tcheck | Ttotal | Status | Flags |
---|---|---|---|---|---|---|
r-devel-linux-x86_64-debian-clang | 0.3 | 18.51 | 145.49 | 164.00 | OK | |
r-devel-linux-x86_64-debian-gcc | 0.3 | 13.66 | 110.91 | 124.57 | OK | |
r-devel-linux-x86_64-fedora-clang | 0.3 | 207.84 | WARN | |||
r-devel-linux-x86_64-fedora-gcc | 0.3 | 203.75 | WARN | |||
r-devel-windows-x86_64 | 0.3 | 30.00 | 184.00 | 214.00 | OK | |
r-patched-linux-x86_64 | 0.3 | 17.75 | 141.36 | 159.11 | OK | |
r-release-linux-x86_64 | 0.3 | 16.01 | 141.43 | 157.44 | OK | |
r-release-macos-arm64 | 0.3 | 7.00 | ERROR | |||
r-release-macos-x86_64 | 0.3 | 7.00 | ERROR | |||
r-release-windows-x86_64 | 0.3 | 94.00 | 177.00 | 271.00 | OK | |
r-oldrel-macos-arm64 | 0.3 | 5.00 | ERROR | |||
r-oldrel-macos-x86_64 | 0.3 | 9.00 | ERROR | |||
r-oldrel-windows-ix86+x86_64 | 0.3 | 38.00 | 193.00 | 231.00 | OK |
Version: 0.3
Check: package dependencies
Result: WARN
Requires orphaned package: ‘gtools’
Flavors: r-devel-linux-x86_64-fedora-clang, r-devel-linux-x86_64-fedora-gcc
Version: 0.3
Check: package dependencies
Result: ERROR
Package required but not available: ‘Rmpi’
See section ‘The DESCRIPTION file’ in the ‘Writing R Extensions’
manual.
Flavors: r-release-macos-arm64, r-release-macos-x86_64, r-oldrel-macos-arm64, r-oldrel-macos-x86_64