CRAN Package Check Results for Package merDeriv

Last updated on 2022-01-27 20:49:56 CET.

Flavor Version Tinstall Tcheck Ttotal Status Flags
r-devel-linux-x86_64-debian-clang 0.2-3 8.87 226.06 234.93 NOTE
r-devel-linux-x86_64-debian-gcc 0.2-3 10.82 167.81 178.63 NOTE
r-devel-linux-x86_64-fedora-clang 0.2-3 298.76 NOTE
r-devel-linux-x86_64-fedora-gcc 0.2-3 281.71 NOTE
r-devel-windows-x86_64-new-UL 0.2-3 23.00 274.00 297.00 NOTE
r-devel-windows-x86_64-new-TK 0.2-3 ERROR
r-patched-linux-x86_64 0.2-3 15.71 216.78 232.49 NOTE
r-release-linux-x86_64 0.2-3 8.90 213.85 222.75 NOTE
r-release-macos-arm64 0.2-3 NOTE
r-release-macos-x86_64 0.2-3 NOTE
r-release-windows-ix86+x86_64 0.2-3 23.00 281.00 304.00 NOTE
r-oldrel-macos-x86_64 0.2-3 OK
r-oldrel-windows-ix86+x86_64 0.2-3 23.00 286.00 309.00 OK

Check Details

Version: 0.2-3
Check: LazyData
Result: NOTE
     'LazyData' is specified without a 'data' directory
Flavors: r-devel-linux-x86_64-debian-clang, r-devel-linux-x86_64-debian-gcc, r-devel-linux-x86_64-fedora-clang, r-devel-linux-x86_64-fedora-gcc, r-devel-windows-x86_64-new-UL, r-patched-linux-x86_64, r-release-linux-x86_64, r-release-macos-arm64, r-release-macos-x86_64, r-release-windows-ix86+x86_64

Version: 0.2-3
Check: package dependencies
Result: ERROR
    Package required but not available: 'lme4'
    
    See section 'The DESCRIPTION file' in the 'Writing R Extensions'
    manual.
Flavor: r-devel-windows-x86_64-new-TK