CRAN Package Check Results for Package memisc

Last updated on 2019-08-24 22:46:30 CEST.

Flavor Version Tinstall Tcheck Ttotal Status Flags
r-devel-linux-x86_64-debian-clang 0.99.17.2 26.84 139.22 166.06 WARN
r-devel-linux-x86_64-debian-gcc 0.99.17.2 23.19 105.53 128.72 WARN
r-devel-linux-x86_64-fedora-clang 0.99.17.2 201.26 NOTE
r-devel-linux-x86_64-fedora-gcc 0.99.17.2 182.44 WARN
r-devel-windows-ix86+x86_64 0.99.17.2 50.00 152.00 202.00 NOTE
r-patched-linux-x86_64 0.99.17.2 26.03 134.13 160.16 OK
r-patched-solaris-x86 0.99.17.2 243.80 NOTE
r-release-linux-x86_64 0.99.17.2 25.26 134.66 159.92 OK
r-release-windows-ix86+x86_64 0.99.17.2 70.00 234.00 304.00 NOTE
r-release-osx-x86_64 0.99.17.2 NOTE
r-oldrel-windows-ix86+x86_64 0.99.17.2 65.00 211.00 276.00 NOTE
r-oldrel-osx-x86_64 0.99.17.2 NOTE

Check Details

Version: 0.99.17.2
Check: whether package can be installed
Result: WARN
    Found the following significant warnings:
     dta-for-R.c:195:3: warning: ignoring return value of function declared with 'warn_unused_result' attribute [-Wunused-result]
     dta-for-R.c:212:3: warning: ignoring return value of function declared with 'warn_unused_result' attribute [-Wunused-result]
     dta-for-R.c:214:3: warning: ignoring return value of function declared with 'warn_unused_result' attribute [-Wunused-result]
     pspp-portableStream-for-R.c:323:7: warning: ignoring return value of function declared with 'warn_unused_result' attribute [-Wunused-result]
Flavor: r-devel-linux-x86_64-debian-clang

Version: 0.99.17.2
Check: whether package can be installed
Result: WARN
    Found the following significant warnings:
     dta-for-R.c:195:3: warning: ignoring return value of ‘fread’, declared with attribute warn_unused_result [-Wunused-result]
     dta-for-R.c:212:3: warning: ignoring return value of ‘fread’, declared with attribute warn_unused_result [-Wunused-result]
     dta-for-R.c:214:3: warning: ignoring return value of ‘fread’, declared with attribute warn_unused_result [-Wunused-result]
     pspp-portableStream-for-R.c:323:7: warning: ignoring return value of ‘fread’, declared with attribute warn_unused_result [-Wunused-result]
Flavors: r-devel-linux-x86_64-debian-gcc, r-devel-linux-x86_64-fedora-gcc

Version: 0.99.17.2
Check: installed package size
Result: NOTE
     installed size is 5.4Mb
     sub-directories of 1Mb or more:
     R 1.1Mb
     doc 3.5Mb
Flavors: r-devel-linux-x86_64-fedora-clang, r-devel-windows-ix86+x86_64, r-patched-solaris-x86, r-release-windows-ix86+x86_64, r-release-osx-x86_64, r-oldrel-windows-ix86+x86_64, r-oldrel-osx-x86_64