CRAN Package Check Results for Package medfate

Last updated on 2024-07-16 17:49:12 CEST.

Flavor Version Tinstall Tcheck Ttotal Status Flags
r-devel-linux-x86_64-debian-clang 4.3.1 537.02 316.46 853.48 OK
r-devel-linux-x86_64-debian-gcc 4.3.1 429.44 223.82 653.26 OK
r-devel-linux-x86_64-fedora-clang 4.3.1 1093.25 NOTE
r-devel-linux-x86_64-fedora-gcc 4.3.1 1284.34 OK
r-devel-windows-x86_64 4.3.1 374.00 286.00 660.00 NOTE
r-patched-linux-x86_64 4.3.1 365.11 306.73 671.84 OK
r-release-linux-x86_64 4.3.1 415.39 309.09 724.48 OK
r-release-macos-arm64 4.3.1 192.00 NOTE
r-release-macos-x86_64 4.3.1 228.00 NOTE
r-release-windows-x86_64 4.3.1 381.00 288.00 669.00 NOTE
r-oldrel-macos-arm64 4.3.1 229.00 NOTE
r-oldrel-macos-x86_64 4.3.1 356.00 NOTE
r-oldrel-windows-x86_64 4.3.1 497.00 364.00 861.00 NOTE

Check Details

Version: 4.3.1
Check: installed package size
Result: NOTE installed size is 5.6Mb sub-directories of 1Mb or more: libs 4.3Mb Flavors: r-devel-linux-x86_64-fedora-clang, r-devel-windows-x86_64, r-release-macos-arm64, r-release-macos-x86_64, r-release-windows-x86_64, r-oldrel-macos-arm64, r-oldrel-macos-x86_64, r-oldrel-windows-x86_64