CRAN Package Check Results for Package medExtractR

Last updated on 2024-06-17 07:49:39 CEST.

Flavor Version Tinstall Tcheck Ttotal Status Flags
r-devel-linux-x86_64-debian-clang 0.4.1 9.17 231.08 240.25 NOTE
r-devel-linux-x86_64-debian-gcc 0.4.1 6.47 174.53 181.00 NOTE
r-devel-linux-x86_64-fedora-clang 0.4.1 284.36 NOTE
r-devel-linux-x86_64-fedora-gcc 0.4.1 285.91 NOTE
r-devel-windows-x86_64 0.4.1 8.00 258.00 266.00 NOTE
r-patched-linux-x86_64 0.4.1 8.58 217.86 226.44 NOTE
r-release-linux-x86_64 0.4.1 6.35 217.15 223.50 NOTE
r-release-macos-arm64 0.4.1 111.00 NOTE
r-release-macos-x86_64 0.4.1 171.00 NOTE
r-release-windows-x86_64 0.4.1 7.00 255.00 262.00 NOTE
r-oldrel-macos-arm64 0.4.1 129.00 OK
r-oldrel-macos-x86_64 0.4.1 221.00 OK
r-oldrel-windows-x86_64 0.4.1 10.00 280.00 290.00 OK

Check Details

Version: 0.4.1
Check: Rd files
Result: NOTE checkRd: (-1) strings-internal.Rd:14: Lost braces 14 | code{stringPlaceExact}: find location of string, using exact match | ^ checkRd: (-1) strings-internal.Rd:17: Lost braces 17 | code{stringPlaceFuzzy}: find location of string, using partial match | ^ checkRd: (-1) strings-internal.Rd:19: Lost braces 19 | code{stringPlace}: find location of string, generic | ^ checkRd: (-1) strings-internal.Rd:21: Lost braces 21 | code{checkFuzzy}: check for "close" string matches | ^ Flavors: r-devel-linux-x86_64-debian-clang, r-devel-linux-x86_64-debian-gcc, r-devel-linux-x86_64-fedora-clang, r-devel-linux-x86_64-fedora-gcc, r-devel-windows-x86_64, r-patched-linux-x86_64, r-release-linux-x86_64, r-release-macos-arm64, r-release-macos-x86_64, r-release-windows-x86_64