Last updated on 2023-10-04 14:03:53 CEST.
Flavor | Version | Tinstall | Tcheck | Ttotal | Status | Flags |
---|---|---|---|---|---|---|
r-devel-linux-x86_64-debian-clang | 0.3 | 2.92 | 29.79 | 32.71 | NOTE | |
r-devel-linux-x86_64-debian-gcc | 0.3 | 2.46 | 23.38 | 25.84 | NOTE | |
r-devel-linux-x86_64-fedora-clang | 0.3 | 40.86 | NOTE | |||
r-devel-linux-x86_64-fedora-gcc | 0.3 | 39.68 | NOTE | |||
r-devel-windows-x86_64 | 0.3 | 5.00 | 53.00 | 58.00 | NOTE | |
r-patched-linux-x86_64 | 0.3 | 2.70 | 29.20 | 31.90 | NOTE | |
r-release-linux-x86_64 | 0.3 | 2.45 | 29.16 | 31.61 | NOTE | |
r-release-macos-arm64 | 0.3 | 19.00 | NOTE | |||
r-release-macos-x86_64 | 0.3 | 24.00 | NOTE | |||
r-release-windows-x86_64 | 0.3 | 4.00 | 55.00 | 59.00 | NOTE | |
r-oldrel-macos-arm64 | 0.3 | 19.00 | NOTE | |||
r-oldrel-macos-x86_64 | 0.3 | 22.00 | NOTE | |||
r-oldrel-windows-x86_64 | 0.3 | 6.00 | 51.00 | 57.00 | NOTE |
Version: 0.3
Check: LazyData
Result: NOTE
'LazyData' is specified without a 'data' directory
Flavors: r-devel-linux-x86_64-debian-clang, r-devel-linux-x86_64-debian-gcc, r-devel-linux-x86_64-fedora-clang, r-devel-linux-x86_64-fedora-gcc, r-devel-windows-x86_64, r-patched-linux-x86_64, r-release-linux-x86_64, r-release-macos-arm64, r-release-macos-x86_64, r-release-windows-x86_64, r-oldrel-macos-arm64, r-oldrel-macos-x86_64, r-oldrel-windows-x86_64