CRAN Package Check Results for Package measures

Last updated on 2022-09-25 00:49:09 CEST.

Flavor Version Tinstall Tcheck Ttotal Status Flags
r-devel-linux-x86_64-debian-clang 0.3 2.29 30.30 32.59 NOTE
r-devel-linux-x86_64-debian-gcc 0.3 2.13 23.64 25.77 NOTE
r-devel-linux-x86_64-fedora-clang 0.3 51.89 NOTE
r-devel-linux-x86_64-fedora-gcc 0.3 50.65 NOTE
r-devel-windows-x86_64 0.3 39.00 68.00 107.00 NOTE
r-patched-linux-x86_64 0.3 3.50 28.68 32.18 NOTE
r-release-linux-x86_64 0.3 2.63 28.80 31.43 NOTE
r-release-macos-arm64 0.3 17.00 NOTE
r-release-macos-x86_64 0.3 22.00 NOTE
r-release-windows-x86_64 0.3 44.00 56.00 100.00 NOTE
r-oldrel-macos-arm64 0.3 22.00 NOTE
r-oldrel-macos-x86_64 0.3 33.00 NOTE
r-oldrel-windows-ix86+x86_64 0.3 7.00 54.00 61.00 NOTE

Check Details

Version: 0.3
Check: LazyData
Result: NOTE
     'LazyData' is specified without a 'data' directory
Flavors: r-devel-linux-x86_64-debian-clang, r-devel-linux-x86_64-debian-gcc, r-devel-linux-x86_64-fedora-clang, r-devel-linux-x86_64-fedora-gcc, r-devel-windows-x86_64, r-patched-linux-x86_64, r-release-linux-x86_64, r-release-macos-arm64, r-release-macos-x86_64, r-release-windows-x86_64, r-oldrel-macos-arm64, r-oldrel-macos-x86_64, r-oldrel-windows-ix86+x86_64