CRAN Package Check Results for Package mdthemes

Last updated on 2023-01-30 22:57:15 CET.

Flavor Version Tinstall Tcheck Ttotal Status Flags
r-devel-linux-x86_64-debian-clang 0.1.0 2.50 29.75 32.25 NOTE
r-devel-linux-x86_64-debian-gcc 0.1.0 2.01 23.27 25.28 NOTE
r-devel-linux-x86_64-fedora-clang 0.1.0 40.66 NOTE
r-devel-linux-x86_64-fedora-gcc 0.1.0 41.73 NOTE
r-devel-windows-x86_64 0.1.0 20.00 60.00 80.00 NOTE
r-patched-linux-x86_64 0.1.0 1.75 29.50 31.25 NOTE
r-release-linux-x86_64 0.1.0 2.27 30.49 32.76 NOTE
r-release-macos-arm64 0.1.0 17.00 NOTE
r-release-macos-x86_64 0.1.0 29.00 NOTE
r-release-windows-x86_64 0.1.0 12.00 64.00 76.00 NOTE
r-oldrel-macos-arm64 0.1.0 19.00 NOTE
r-oldrel-macos-x86_64 0.1.0 32.00 NOTE
r-oldrel-windows-ix86+x86_64 0.1.0 7.00 54.00 61.00 NOTE

Check Details

Version: 0.1.0
Check: LazyData
Result: NOTE
     'LazyData' is specified without a 'data' directory
Flavors: r-devel-linux-x86_64-debian-clang, r-devel-linux-x86_64-debian-gcc, r-devel-linux-x86_64-fedora-clang, r-devel-linux-x86_64-fedora-gcc, r-devel-windows-x86_64, r-patched-linux-x86_64, r-release-linux-x86_64, r-release-macos-arm64, r-release-macos-x86_64, r-release-windows-x86_64, r-oldrel-macos-arm64, r-oldrel-macos-x86_64, r-oldrel-windows-ix86+x86_64