CRAN Package Check Results for Package mdsr

Last updated on 2022-06-28 22:49:33 CEST.

Flavor Version Tinstall Tcheck Ttotal Status Flags
r-devel-linux-x86_64-debian-clang 0.2.5 46.58 95.05 141.63 OK
r-devel-linux-x86_64-debian-gcc 0.2.5 37.86 71.90 109.76 OK
r-devel-linux-x86_64-fedora-clang 0.2.5 183.59 NOTE
r-devel-linux-x86_64-fedora-gcc 0.2.5 186.08 NOTE
r-devel-windows-x86_64 0.2.5 54.00 132.00 186.00 OK
r-patched-linux-x86_64 0.2.5 44.67 88.95 133.62 OK
r-release-linux-x86_64 0.2.5 43.12 89.11 132.23 OK
r-release-macos-arm64 0.2.5 76.00 NOTE
r-release-macos-x86_64 0.2.5 99.00 NOTE
r-release-windows-x86_64 0.2.5 49.00 121.00 170.00 OK
r-oldrel-macos-arm64 0.2.5 71.00 NOTE
r-oldrel-macos-x86_64 0.2.5 116.00 NOTE
r-oldrel-windows-ix86+x86_64 0.2.5 67.00 123.00 190.00 OK

Check Details

Version: 0.2.5
Check: data for non-ASCII characters
Result: NOTE
     Note: found 2866 marked UTF-8 strings
Flavors: r-devel-linux-x86_64-fedora-clang, r-devel-linux-x86_64-fedora-gcc, r-release-macos-arm64, r-release-macos-x86_64, r-oldrel-macos-arm64, r-oldrel-macos-x86_64

Version: 0.2.5
Check: installed package size
Result: NOTE
     installed size is 5.2Mb
     sub-directories of 1Mb or more:
     data 5.0Mb
Flavors: r-release-macos-arm64, r-oldrel-macos-arm64