CRAN Package Check Results for Package mdsOpt

Last updated on 2019-07-24 09:50:27 CEST.

Flavor Version Tinstall Tcheck Ttotal Status Flags
r-devel-linux-x86_64-debian-clang 0.4-1 19.50 145.64 165.14 NOTE
r-devel-linux-x86_64-debian-gcc 0.4-1 11.06 116.05 127.11 NOTE
r-devel-linux-x86_64-fedora-clang 0.4-1 193.48 NOTE
r-devel-linux-x86_64-fedora-gcc 0.4-1 186.31 NOTE
r-devel-windows-ix86+x86_64 0.4-1 39.00 240.00 279.00 OK
r-patched-linux-x86_64 0.4-1 13.05 140.82 153.87 OK
r-patched-solaris-x86 0.4-1 357.50 OK
r-release-linux-x86_64 0.4-1 20.00 139.26 159.26 OK
r-release-windows-ix86+x86_64 0.4-1 51.00 246.00 297.00 OK
r-release-osx-x86_64 0.4-1 OK
r-oldrel-windows-ix86+x86_64 0.4-1 14.00 6.00 20.00 ERROR
r-oldrel-osx-x86_64 0.4-1 ERROR

Check Details

Version: 0.4-1
Check: for non-standard things in the check directory
Result: NOTE
    Found the following files/directories:
     'conf_2d.csv'
Flavors: r-devel-linux-x86_64-debian-clang, r-devel-linux-x86_64-debian-gcc, r-devel-linux-x86_64-fedora-clang, r-devel-linux-x86_64-fedora-gcc

Version: 0.4-1
Check: whether package can be installed
Result: ERROR
    Installation failed.
Flavors: r-oldrel-windows-ix86+x86_64, r-oldrel-osx-x86_64