CRAN Package Check Results for Package mdpeer

Last updated on 2019-09-20 15:47:06 CEST.

Flavor Version Tinstall Tcheck Ttotal Status Flags
r-devel-linux-x86_64-debian-clang 1.0.1 4.40 52.78 57.18 OK
r-devel-linux-x86_64-debian-gcc 1.0.1 3.72 41.30 45.02 OK
r-devel-linux-x86_64-fedora-clang 1.0.1 69.27 NOTE
r-devel-linux-x86_64-fedora-gcc 1.0.1 70.10 NOTE
r-devel-windows-ix86+x86_64 1.0.1 26.00 75.00 101.00 OK
r-patched-linux-x86_64 1.0.1 3.73 50.47 54.20 OK
r-patched-solaris-x86 1.0.1 98.10 NOTE
r-release-linux-x86_64 1.0.1 3.60 51.16 54.76 OK
r-release-windows-ix86+x86_64 1.0.1 14.00 93.00 107.00 OK
r-release-osx-x86_64 1.0.1 NOTE
r-oldrel-windows-ix86+x86_64 1.0.1 8.00 60.00 68.00 OK
r-oldrel-osx-x86_64 1.0.1 NOTE

Check Details

Version: 1.0.1
Check: dependencies in R code
Result: NOTE
    Namespace in Imports field not imported from: ‘glmnet’
     All declared Imports should be used.
Flavors: r-devel-linux-x86_64-fedora-clang, r-devel-linux-x86_64-fedora-gcc, r-patched-solaris-x86, r-release-osx-x86_64, r-oldrel-osx-x86_64