CRAN Package Check Results for Package mdpeer

Last updated on 2020-06-01 06:48:29 CEST.

Flavor Version Tinstall Tcheck Ttotal Status Flags
r-devel-linux-x86_64-debian-clang 1.0.1 5.63 59.27 64.90 OK
r-devel-linux-x86_64-debian-gcc 1.0.1 4.63 44.61 49.24 OK
r-devel-linux-x86_64-fedora-clang 1.0.1 86.27 NOTE
r-devel-linux-x86_64-fedora-gcc 1.0.1 76.97 NOTE
r-devel-windows-ix86+x86_64 1.0.1 19.00 93.00 112.00 OK
r-patched-linux-x86_64 1.0.1 5.54 58.40 63.94 OK
r-patched-solaris-x86 1.0.1 111.70 NOTE
r-release-linux-x86_64 1.0.1 5.28 56.89 62.17 OK
r-release-osx-x86_64 1.0.1 NOTE
r-release-windows-ix86+x86_64 1.0.1 15.00 154.00 169.00 OK
r-oldrel-osx-x86_64 1.0.1 NOTE
r-oldrel-windows-ix86+x86_64 1.0.1 13.00 79.00 92.00 OK

Check Details

Version: 1.0.1
Check: dependencies in R code
Result: NOTE
    Namespace in Imports field not imported from: ‘glmnet’
     All declared Imports should be used.
Flavors: r-devel-linux-x86_64-fedora-clang, r-devel-linux-x86_64-fedora-gcc, r-patched-solaris-x86, r-release-osx-x86_64, r-oldrel-osx-x86_64