CRAN Package Check Results for Package mdpeer

Last updated on 2022-11-29 01:52:12 CET.

Flavor Version Tinstall Tcheck Ttotal Status Flags
r-devel-linux-x86_64-debian-clang 1.0.1 5.61 81.95 87.56 NOTE
r-devel-linux-x86_64-debian-gcc 1.0.1 4.98 61.11 66.09 NOTE
r-devel-linux-x86_64-fedora-clang 1.0.1 117.30 NOTE
r-devel-linux-x86_64-fedora-gcc 1.0.1 114.23 NOTE
r-devel-windows-x86_64 1.0.1 13.00 117.00 130.00 NOTE
r-patched-linux-x86_64 1.0.1 7.34 73.80 81.14 NOTE
r-release-linux-x86_64 1.0.1 7.20 76.78 83.98 NOTE
r-release-macos-arm64 1.0.1 33.00 NOTE
r-release-macos-x86_64 1.0.1 55.00 NOTE
r-release-windows-x86_64 1.0.1 18.00 124.00 142.00 NOTE
r-oldrel-macos-arm64 1.0.1 47.00 NOTE
r-oldrel-macos-x86_64 1.0.1 47.00 NOTE
r-oldrel-windows-ix86+x86_64 1.0.1 18.00 106.00 124.00 NOTE

Check Details

Version: 1.0.1
Check: LazyData
Result: NOTE
     'LazyData' is specified without a 'data' directory
Flavors: r-devel-linux-x86_64-debian-clang, r-devel-linux-x86_64-debian-gcc, r-devel-linux-x86_64-fedora-clang, r-devel-linux-x86_64-fedora-gcc, r-devel-windows-x86_64, r-patched-linux-x86_64, r-release-linux-x86_64, r-release-macos-arm64, r-release-macos-x86_64, r-release-windows-x86_64, r-oldrel-macos-arm64, r-oldrel-macos-x86_64, r-oldrel-windows-ix86+x86_64

Version: 1.0.1
Check: dependencies in R code
Result: NOTE
    Namespace in Imports field not imported from: ‘glmnet’
     All declared Imports should be used.
Flavors: r-devel-linux-x86_64-fedora-clang, r-devel-linux-x86_64-fedora-gcc, r-release-macos-arm64, r-release-macos-x86_64, r-oldrel-macos-arm64, r-oldrel-macos-x86_64