CRAN Package Check Results for Package mdpeer

Last updated on 2023-12-02 02:49:15 CET.

Flavor Version Tinstall Tcheck Ttotal Status Flags
r-devel-linux-x86_64-debian-clang 1.0.1 5.51 75.51 81.02 NOTE
r-devel-linux-x86_64-debian-gcc 1.0.1 4.46 56.42 60.88 NOTE
r-devel-linux-x86_64-fedora-clang 1.0.1 102.85 NOTE
r-devel-linux-x86_64-fedora-gcc 1.0.1 106.03 NOTE
r-devel-windows-x86_64 1.0.1 7.00 78.00 85.00 NOTE
r-patched-linux-x86_64 1.0.1 4.40 70.99 75.39 NOTE
r-release-linux-x86_64 1.0.1 4.28 69.80 74.08 NOTE
r-release-macos-arm64 1.0.1 39.00 NOTE
r-release-macos-x86_64 1.0.1 60.00 NOTE
r-release-windows-x86_64 1.0.1 10.00 92.00 102.00 NOTE
r-oldrel-macos-arm64 1.0.1 33.00 NOTE
r-oldrel-macos-x86_64 1.0.1 55.00 NOTE
r-oldrel-windows-x86_64 1.0.1 10.00 96.00 106.00 NOTE

Check Details

Version: 1.0.1
Check: LazyData
Result: NOTE 'LazyData' is specified without a 'data' directory Flavors: r-devel-linux-x86_64-debian-clang, r-devel-linux-x86_64-debian-gcc, r-devel-linux-x86_64-fedora-clang, r-devel-linux-x86_64-fedora-gcc, r-devel-windows-x86_64, r-patched-linux-x86_64, r-release-linux-x86_64, r-release-macos-arm64, r-release-macos-x86_64, r-release-windows-x86_64, r-oldrel-macos-arm64, r-oldrel-macos-x86_64, r-oldrel-windows-x86_64

Version: 1.0.1
Check: dependencies in R code
Result: NOTE Namespace in Imports field not imported from: ‘glmnet’ All declared Imports should be used. Flavors: r-devel-linux-x86_64-fedora-clang, r-devel-linux-x86_64-fedora-gcc, r-oldrel-macos-arm64, r-oldrel-macos-x86_64