CRAN Package Check Results for Package mdmb

Last updated on 2024-02-26 15:53:05 CET.

Flavor Version Tinstall Tcheck Ttotal Status Flags
r-devel-linux-x86_64-debian-clang 1.8-7 87.85 155.29 243.14 NOTE
r-devel-linux-x86_64-debian-gcc 1.8-7 65.19 114.22 179.41 NOTE
r-devel-linux-x86_64-fedora-clang 1.8-7 347.35 NOTE
r-devel-linux-x86_64-fedora-gcc 1.8-7 334.94 NOTE
r-devel-windows-x86_64 1.8-7 66.00 135.00 201.00 OK
r-patched-linux-x86_64 1.8-7 83.75 148.16 231.91 OK
r-release-linux-x86_64 1.8-7 85.66 146.67 232.33 OK
r-release-macos-arm64 1.8-7 61.00 OK
r-release-macos-x86_64 1.8-7 101.00 OK
r-release-windows-x86_64 1.8-7 74.00 166.00 240.00 OK
r-oldrel-macos-arm64 1.8-7 49.00 OK
r-oldrel-windows-x86_64 1.8-7 85.00 164.00 249.00 OK

Check Details

Version: 1.8-7
Check: Rd files
Result: NOTE checkRd: (-1) data.mb.Rd:76: Lost braces 76 | level-1 variables code{y}, \code{x} and the level-2 variable \code{w}. | ^ Flavors: r-devel-linux-x86_64-debian-clang, r-devel-linux-x86_64-debian-gcc, r-devel-linux-x86_64-fedora-clang, r-devel-linux-x86_64-fedora-gcc