CRAN Package Check Results for Package mdmb

Last updated on 2021-11-29 19:51:35 CET.

Flavor Version Tinstall Tcheck Ttotal Status Flags
r-devel-linux-x86_64-debian-clang 1.5-8 66.43 84.08 150.51 OK
r-devel-linux-x86_64-debian-gcc 1.5-8 47.31 63.22 110.53 OK
r-devel-linux-x86_64-fedora-clang 1.5-8 222.85 OK
r-devel-linux-x86_64-fedora-gcc 1.5-8 196.23 OK
r-devel-windows-x86_64-new-UL 1.5-8 105.00 147.00 252.00 OK
r-devel-windows-x86_64-new-TK 1.5-8 OK
r-devel-windows-x86_64-old 1.5-8 108.00 85.00 193.00 OK
r-patched-linux-x86_64 1.5-8 63.27 79.73 143.00 OK
r-patched-solaris-x86 1.5-8 197.60 OK
r-release-linux-x86_64 1.5-8 59.66 79.67 139.33 OK
r-release-macos-arm64 1.5-8 NOTE
r-release-macos-x86_64 1.5-8 OK
r-release-windows-ix86+x86_64 1.5-8 181.00 98.00 279.00 OK
r-oldrel-macos-x86_64 1.5-8 OK
r-oldrel-windows-ix86+x86_64 1.5-8 122.00 109.00 231.00 OK

Check Details

Version: 1.5-8
Check: package dependencies
Result: NOTE
    Package which this enhances but not available for checking: ‘JointAI’
Flavor: r-release-macos-arm64