CRAN Package Check Results for Package mcunit

Last updated on 2024-02-28 12:08:39 CET.

Flavor Version Tinstall Tcheck Ttotal Status Flags
r-devel-linux-x86_64-debian-clang 0.3.2 2.93 86.75 89.68 NOTE
r-devel-linux-x86_64-debian-gcc 0.3.2 1.79 59.56 61.35 NOTE
r-devel-linux-x86_64-fedora-clang 0.3.2 106.22 NOTE
r-devel-linux-x86_64-fedora-gcc 0.3.2 114.70 NOTE
r-devel-windows-x86_64 0.3.2 3.00 79.00 82.00 NOTE
r-patched-linux-x86_64 0.3.2 2.15 87.19 89.34 ERROR
r-release-linux-x86_64 0.3.2 1.71 87.85 89.56 NOTE
r-release-macos-arm64 0.3.2 46.00 NOTE
r-release-macos-x86_64 0.3.2 72.00 NOTE
r-release-windows-x86_64 0.3.2 4.00 95.00 99.00 NOTE
r-oldrel-macos-arm64 0.3.2 35.00 OK
r-oldrel-windows-x86_64 0.3.2 5.00 103.00 108.00 OK

Check Details

Version: 0.3.2
Check: package subdirectories
Result: NOTE Problems with news in ‘NEWS.md’: Cannot extract version info from the following section titles: Initial version. Flavors: r-devel-linux-x86_64-debian-clang, r-devel-linux-x86_64-debian-gcc, r-devel-linux-x86_64-fedora-clang, r-devel-linux-x86_64-fedora-gcc, r-devel-windows-x86_64, r-patched-linux-x86_64, r-release-linux-x86_64, r-release-macos-arm64, r-release-macos-x86_64, r-release-windows-x86_64

Version: 0.3.2
Check: re-building of vignette outputs
Result: ERROR Error(s) in re-building vignettes: ... --- re-building ‘introduction.Rmd’ using rmarkdown Could not fetch http://www.zotero.org/styles/american-statistical-association HttpExceptionRequest Request { host = "www.zotero.org" port = 80 secure = False requestHeaders = [] path = "/styles/american-statistical-association" queryString = "" method = "GET" proxy = Nothing rawBody = False redirectCount = 10 responseTimeout = ResponseTimeoutDefault requestVersion = HTTP/1.1 proxySecureMode = ProxySecureWithConnect } (InternalException (HandshakeFailed (Error_Protocol "peer does not support Extended Main Secret" HandshakeFailure))) Error: processing vignette 'introduction.Rmd' failed with diagnostics: pandoc document conversion failed with error 61 --- failed re-building ‘introduction.Rmd’ --- re-building ‘levelcoverageprob.Rmd’ using rmarkdown Could not fetch http://www.zotero.org/styles/american-statistical-association HttpExceptionRequest Request { host = "www.zotero.org" port = 80 secure = False requestHeaders = [] path = "/styles/american-statistical-association" queryString = "" method = "GET" proxy = Nothing rawBody = False redirectCount = 10 responseTimeout = ResponseTimeoutDefault requestVersion = HTTP/1.1 proxySecureMode = ProxySecureWithConnect } (InternalException (HandshakeFailed (Error_Protocol "peer does not support Extended Main Secret" HandshakeFailure))) Error: processing vignette 'levelcoverageprob.Rmd' failed with diagnostics: pandoc document conversion failed with error 61 --- failed re-building ‘levelcoverageprob.Rmd’ SUMMARY: processing the following files failed: ‘introduction.Rmd’ ‘levelcoverageprob.Rmd’ Error: Vignette re-building failed. Execution halted Flavor: r-patched-linux-x86_64