CRAN Package Check Results for Package mco

Last updated on 2023-01-30 20:55:50 CET.

Flavor Version Tinstall Tcheck Ttotal Status Flags
r-devel-linux-x86_64-debian-clang 1.15.6 5.34 41.42 46.76 NOTE
r-devel-linux-x86_64-debian-gcc 1.15.6 4.27 31.71 35.98 NOTE
r-devel-linux-x86_64-fedora-clang 1.15.6 59.50 NOTE
r-devel-linux-x86_64-fedora-gcc 1.15.6 57.76 NOTE
r-devel-windows-x86_64 1.15.6 28.00 74.00 102.00 NOTE
r-patched-linux-x86_64 1.15.6 5.05 41.90 46.95 NOTE
r-release-linux-x86_64 1.15.6 4.61 42.87 47.48 NOTE
r-release-macos-arm64 1.15.6 21.00 NOTE
r-release-macos-x86_64 1.15.6 33.00 NOTE
r-release-windows-x86_64 1.15.6 17.00 78.00 95.00 NOTE
r-oldrel-macos-arm64 1.15.6 31.00 NOTE
r-oldrel-macos-x86_64 1.15.6 40.00 NOTE
r-oldrel-windows-ix86+x86_64 1.15.6 17.00 101.00 118.00 NOTE

Check Details

Version: 1.15.6
Check: LazyData
Result: NOTE
     'LazyData' is specified without a 'data' directory
Flavors: r-devel-linux-x86_64-debian-clang, r-devel-linux-x86_64-debian-gcc, r-devel-linux-x86_64-fedora-clang, r-devel-linux-x86_64-fedora-gcc, r-devel-windows-x86_64, r-patched-linux-x86_64, r-release-linux-x86_64, r-release-macos-arm64, r-release-macos-x86_64, r-release-windows-x86_64, r-oldrel-macos-arm64, r-oldrel-macos-x86_64, r-oldrel-windows-ix86+x86_64