CRAN Package Check Results for Package mcmsupply

Last updated on 2024-07-12 10:55:06 CEST.

Flavor Version Tinstall Tcheck Ttotal Status Flags
r-devel-linux-x86_64-debian-clang 1.1.1 12.66 138.59 151.25 OK
r-devel-linux-x86_64-debian-gcc 1.1.1 9.05 101.57 110.62 OK
r-devel-linux-x86_64-fedora-clang 1.1.1 192.68 NOTE
r-devel-linux-x86_64-fedora-gcc 1.1.1 299.98 NOTE
r-devel-windows-x86_64 1.1.1 11.00 118.00 129.00 OK
r-patched-linux-x86_64 1.1.1 7.40 131.99 139.39 OK
r-release-linux-x86_64 1.1.1 7.00 132.44 139.44 OK
r-release-macos-arm64 1.1.1 99.00 OK
r-release-macos-x86_64 1.1.1 194.00 OK
r-release-windows-x86_64 1.1.1 11.00 117.00 128.00 OK
r-oldrel-macos-arm64 1.1.1 102.00 OK
r-oldrel-macos-x86_64 1.1.1 318.00 OK
r-oldrel-windows-x86_64 1.1.1 13.00 142.00 155.00 OK

Check Details

Version: 1.1.1
Check: data for non-ASCII characters
Result: NOTE Note: found 496 marked UTF-8 strings Flavors: r-devel-linux-x86_64-fedora-clang, r-devel-linux-x86_64-fedora-gcc