Last updated on 2023-11-29 11:01:40 CET.
Flavor | Version | Tinstall | Tcheck | Ttotal | Status | Flags |
---|---|---|---|---|---|---|
r-devel-linux-x86_64-debian-clang | 0.2.2 | 11.02 | 123.17 | 134.19 | OK | |
r-devel-linux-x86_64-debian-gcc | 0.2.2 | 8.31 | 92.28 | 100.59 | OK | |
r-devel-linux-x86_64-fedora-clang | 0.2.2 | 161.62 | NOTE | |||
r-devel-linux-x86_64-fedora-gcc | 0.2.2 | 276.95 | NOTE | |||
r-devel-windows-x86_64 | 0.2.2 | 11.00 | 104.00 | 115.00 | OK | |
r-patched-linux-x86_64 | 0.2.2 | 10.59 | 113.34 | 123.93 | OK | |
r-release-linux-x86_64 | 0.2.2 | 6.31 | 113.25 | 119.56 | OK | |
r-release-macos-arm64 | 0.2.2 | 93.00 | OK | |||
r-release-macos-x86_64 | 0.2.2 | 230.00 | OK | |||
r-release-windows-x86_64 | 0.2.2 | 15.00 | 129.00 | 144.00 | OK | |
r-oldrel-macos-arm64 | 0.2.2 | 89.00 | OK | |||
r-oldrel-macos-x86_64 | 0.2.2 | 146.00 | OK | |||
r-oldrel-windows-x86_64 | 0.2.2 | 16.00 | 131.00 | 147.00 | OK |
Version: 0.2.2
Check: data for non-ASCII characters
Result: NOTE
Note: found 496 marked UTF-8 strings
Flavors: r-devel-linux-x86_64-fedora-clang, r-devel-linux-x86_64-fedora-gcc