CRAN Package Check Results for Package mcmcse

Last updated on 2019-04-20 14:46:49 CEST.

Flavor Version Tinstall Tcheck Ttotal Status Flags
r-devel-linux-x86_64-debian-clang 1.3-2 47.48 69.78 117.26 OK
r-devel-linux-x86_64-debian-gcc 1.3-2 37.84 57.68 95.52 OK
r-devel-linux-x86_64-fedora-clang 1.3-2 162.80 OK
r-devel-linux-x86_64-fedora-gcc 1.3-2 148.79 OK
r-devel-windows-ix86+x86_64 1.3-2 127.00 323.00 450.00 OK
r-patched-linux-x86_64 1.3-2 47.36 68.78 116.14 OK
r-patched-solaris-x86 1.3-2 170.40 OK
r-release-linux-x86_64 1.3-2 43.14 66.42 109.56 OK
r-release-windows-ix86+x86_64 1.3-2 94.00 144.00 238.00 OK
r-release-osx-x86_64 1.3-2 OK
r-oldrel-windows-ix86+x86_64 1.3-2 84.00 139.00 223.00 OK
r-oldrel-osx-x86_64 1.3-2 WARN

Check Details

Version: 1.3-2
Check: re-building of vignette outputs
Result: WARN
    Error in re-building vignettes:
     ...
    Warning: running command 'kpsewhich framed.sty' had status 1
    Warning in test_latex_pkg("framed", system.file("misc", "framed.sty", package = "knitr")) :
     unable to find LaTeX package 'framed'; will use a copy from knitr
    Error in texi2dvi(file = file, pdf = TRUE, clean = clean, quiet = quiet, :
     Running 'texi2dvi' on 'mcmcse_vignette.tex' failed.
    LaTeX errors:
    ! LaTeX Error: File `titlesec.sty' not found.
    
    Type X to quit or <RETURN> to proceed,
    or enter new name. (Default extension: sty)
    
    ! Emergency stop.
    <read *>
    
    l.78 \title
     {An Introduction to Estimating Monte Carlo Standard Errors with R...
    ! ==> Fatal error occurred, no output PDF file produced!
    Calls: buildVignettes -> texi2pdf -> texi2dvi
    Execution halted
Flavor: r-oldrel-osx-x86_64