CRAN Package Check Results for Package mcmcse

Last updated on 2021-11-29 19:51:35 CET.

Flavor Version Tinstall Tcheck Ttotal Status Flags
r-devel-linux-x86_64-debian-clang 1.5-0 126.01 50.12 176.13 OK
r-devel-linux-x86_64-debian-gcc 1.5-0 93.61 38.59 132.20 OK
r-devel-linux-x86_64-fedora-clang 1.5-0 295.18 OK
r-devel-linux-x86_64-fedora-gcc 1.5-0 255.92 OK
r-devel-windows-x86_64-new-UL 1.5-0 179.00 131.00 310.00 OK
r-devel-windows-x86_64-new-TK 1.5-0 OK
r-devel-windows-x86_64-old 1.5-0 171.00 58.00 229.00 OK
r-patched-linux-x86_64 1.5-0 114.83 48.25 163.08 OK
r-patched-solaris-x86 1.5-0 232.00 OK
r-release-linux-x86_64 1.5-0 115.17 48.90 164.07 OK
r-release-macos-arm64 1.5-0 NOTE
r-release-macos-x86_64 1.5-0 OK
r-release-windows-ix86+x86_64 1.5-0 342.00 78.00 420.00 OK
r-oldrel-macos-x86_64 1.5-0 OK
r-oldrel-windows-ix86+x86_64 1.5-0 250.00 105.00 355.00 OK

Check Details

Version: 1.5-0
Check: installed package size
Result: NOTE
     installed size is 5.4Mb
     sub-directories of 1Mb or more:
     libs 5.0Mb
Flavor: r-release-macos-arm64