CRAN Package Check Results for Package mcglm

Last updated on 2021-12-03 00:48:47 CET.

Flavor Version Tinstall Tcheck Ttotal Status Flags
r-devel-linux-x86_64-debian-clang 0.7.0 60.71 135.16 195.87 OK
r-devel-linux-x86_64-debian-gcc 0.7.0 49.73 105.32 155.05 OK
r-devel-linux-x86_64-fedora-clang 0.7.0 271.53 NOTE
r-devel-linux-x86_64-fedora-gcc 0.7.0 251.25 OK
r-devel-windows-x86_64-new-UL 0.7.0 95.00 212.00 307.00 OK
r-devel-windows-x86_64-new-TK 0.7.0 OK
r-devel-windows-x86_64-old 0.7.0 84.00 132.00 216.00 OK
r-patched-linux-x86_64 0.7.0 57.73 132.63 190.36 OK
r-patched-solaris-x86 0.7.0 246.90 OK
r-release-linux-x86_64 0.7.0 57.22 131.58 188.80 OK
r-release-macos-arm64 0.7.0 NOTE
r-release-macos-x86_64 0.7.0 OK
r-release-windows-ix86+x86_64 0.7.0 156.00 237.00 393.00 OK

Check Details

Version: 0.7.0
Check: installed package size
Result: NOTE
     installed size is 5.1Mb
     sub-directories of 1Mb or more:
     doc 1.5Mb
     libs 3.1Mb
Flavors: r-devel-linux-x86_64-fedora-clang, r-release-macos-arm64