CRAN Package Check Results for Package mcemGLM

Last updated on 2021-12-03 03:55:36 CET.

Flavor Version Tinstall Tcheck Ttotal Status Flags
r-devel-linux-x86_64-debian-clang 1.1.1 702.07 63.93 766.00 OK --no-vignettes
r-devel-linux-x86_64-debian-gcc 1.1.1 498.92 49.11 548.03 OK --no-vignettes
r-devel-linux-x86_64-fedora-clang 1.1.1 1297.22 NOTE --no-vignettes
r-devel-linux-x86_64-fedora-gcc 1.1.1 1114.32 NOTE --no-vignettes
r-devel-windows-x86_64-new-UL 1.1.1 930.00 92.00 1022.00 NOTE --no-vignettes
r-devel-windows-x86_64-new-TK 1.1.1 OK --no-vignettes
r-devel-windows-x86_64-old 1.1.1 947.00 55.00 1002.00 NOTE --no-vignettes
r-patched-linux-x86_64 1.1.1 617.16 63.68 680.84 OK --no-vignettes
r-patched-solaris-x86 1.1.1 812.00 OK --no-vignettes
r-release-linux-x86_64 1.1.1 608.82 62.75 671.57 OK --no-vignettes
r-release-macos-arm64 1.1.1 FAIL
r-release-macos-x86_64 1.1.1 NOTE
r-release-windows-ix86+x86_64 1.1.1 1867.00 69.00 1936.00 NOTE --no-vignettes
r-oldrel-macos-x86_64 1.1.1 FAIL
r-oldrel-windows-ix86+x86_64 1.1.1 1857.00 89.00 1946.00 NOTE --no-vignettes

Check Details

Version: 1.1.1
Flags: --no-vignettes
Check: installed package size
Result: NOTE
     installed size is 13.4Mb
     sub-directories of 1Mb or more:
     doc 3.8Mb
     libs 9.3Mb
Flavors: r-devel-linux-x86_64-fedora-clang, r-devel-windows-x86_64-new-UL, r-devel-windows-x86_64-old, r-release-windows-ix86+x86_64, r-oldrel-windows-ix86+x86_64

Version: 1.1.1
Flags: --no-vignettes
Check: compiled code
Result: NOTE
    File ‘mcemGLM/libs/mcemGLM.so’:
     Found no calls to: ‘R_registerRoutines’, ‘R_useDynamicSymbols’
    
    It is good practice to register native routines and to disable symbol
    search.
    
    See ‘Writing portable packages’ in the ‘Writing R Extensions’ manual.
Flavors: r-devel-linux-x86_64-fedora-clang, r-devel-linux-x86_64-fedora-gcc

Version: 1.1.1
Check: installed package size
Result: NOTE
     installed size is 18.6Mb
     sub-directories of 1Mb or more:
     doc 3.8Mb
     libs 14.6Mb
Flavors: r-release-macos-arm64, r-release-macos-x86_64, r-oldrel-macos-x86_64

Version: 1.1.1
Check: running R code from vignettes
Result: ERROR
    Errors in running code in vignettes:
    when running code in ‘mcemGLM-vignette.Rnw’
     ...
     6 : 6 6 : 6 Max. :1.000
     (Other):324 (Other):324
    
    > fitBernoulli <- mcemGLMM(fixed = Mate ~ 0 + Cross,
    + random = list(~0 + Female, ~0 + Male), data = salamander,
    + family = "bernoulli", vcD .... [TRUNCATED]
    
    Execution halted
    
    ... incomplete output. Crash?
    
     ‘mcemGLM-vignette.Rnw’... failed to complete the test
Flavor: r-release-macos-arm64

Version: 1.1.1
Check: re-building of vignette outputs
Result: FAIL
Flavor: r-release-macos-arm64

Version: 1.1.1
Check: running R code from vignettes
Result: FAIL
Flavor: r-oldrel-macos-x86_64