CRAN Package Check Results for Package mcMST

Last updated on 2019-04-23 17:51:40 CEST.

Flavor Version Tinstall Tcheck Ttotal Status Flags
r-devel-linux-x86_64-debian-clang 1.0.1 10.22 103.08 113.30 OK
r-devel-linux-x86_64-debian-gcc 1.0.1 8.56 79.76 88.32 OK
r-devel-linux-x86_64-fedora-clang 1.0.1 128.96 NOTE
r-devel-linux-x86_64-fedora-gcc 1.0.1 125.86 NOTE
r-devel-windows-ix86+x86_64 1.0.1 30.00 111.00 141.00 OK
r-patched-linux-x86_64 1.0.1 9.98 99.31 109.29 OK
r-patched-solaris-x86 1.0.1 210.00 NOTE
r-release-linux-x86_64 1.0.1 7.61 93.26 100.87 OK
r-release-windows-ix86+x86_64 1.0.1 12.00 143.00 155.00 OK
r-release-osx-x86_64 1.0.1 NOTE
r-oldrel-windows-ix86+x86_64 1.0.1 23.00 150.00 173.00 OK
r-oldrel-osx-x86_64 1.0.1 NOTE

Check Details

Version: 1.0.1
Check: dependencies in R code
Result: NOTE
    Namespaces in Imports field not imported from:
     ‘parallelMap’ ‘reshape2’
     All declared Imports should be used.
Flavors: r-devel-linux-x86_64-fedora-clang, r-devel-linux-x86_64-fedora-gcc, r-patched-solaris-x86, r-release-osx-x86_64, r-oldrel-osx-x86_64