CRAN Package Check Results for Package mcMST

Last updated on 2019-07-19 15:47:03 CEST.

Flavor Version Tinstall Tcheck Ttotal Status Flags
r-devel-linux-x86_64-debian-clang 1.0.1 9.34 104.09 113.43 OK
r-devel-linux-x86_64-debian-gcc 1.0.1 9.57 80.28 89.85 OK
r-devel-linux-x86_64-fedora-clang 1.0.1 144.29 NOTE
r-devel-linux-x86_64-fedora-gcc 1.0.1 129.84 NOTE
r-devel-windows-ix86+x86_64 1.0.1 31.00 161.00 192.00 OK
r-patched-linux-x86_64 1.0.1 10.90 99.56 110.46 OK
r-patched-solaris-x86 1.0.1 227.50 NOTE
r-release-linux-x86_64 1.0.1 11.27 100.03 111.30 OK
r-release-windows-ix86+x86_64 1.0.1 23.00 102.00 125.00 OK
r-release-osx-x86_64 1.0.1 NOTE
r-oldrel-windows-ix86+x86_64 1.0.1 15.00 157.00 172.00 OK
r-oldrel-osx-x86_64 1.0.1 NOTE

Check Details

Version: 1.0.1
Check: dependencies in R code
Result: NOTE
    Namespaces in Imports field not imported from:
     ‘parallelMap’ ‘reshape2’
     All declared Imports should be used.
Flavors: r-devel-linux-x86_64-fedora-clang, r-devel-linux-x86_64-fedora-gcc, r-patched-solaris-x86, r-release-osx-x86_64, r-oldrel-osx-x86_64