Last updated on 2023-04-01 11:51:32 CEST.
Flavor | Version | Tinstall | Tcheck | Ttotal | Status | Flags |
---|---|---|---|---|---|---|
r-devel-linux-x86_64-debian-clang | 0.0.2 | 1.71 | 27.68 | 29.39 | OK | --no-vignettes |
r-devel-linux-x86_64-debian-gcc | 0.0.2 | 2.06 | 21.42 | 23.48 | OK | --no-vignettes |
r-devel-linux-x86_64-fedora-clang | 0.0.2 | 1066.61 | OK | |||
r-devel-linux-x86_64-fedora-gcc | 0.0.2 | 1068.29 | OK | |||
r-devel-windows-x86_64 | 0.0.2 | 5.00 | 849.00 | 854.00 | NOTE | |
r-patched-linux-x86_64 | 0.0.2 | 2.94 | 26.34 | 29.28 | OK | --no-vignettes |
r-release-linux-x86_64 | 0.0.2 | 1.86 | 27.12 | 28.98 | OK | --no-vignettes |
r-release-macos-arm64 | 0.0.2 | 174.00 | OK | |||
r-release-macos-x86_64 | 0.0.2 | 288.00 | OK | |||
r-release-windows-x86_64 | 0.0.2 | 17.00 | 846.00 | 863.00 | NOTE | |
r-oldrel-macos-arm64 | 0.0.2 | 172.00 | OK | |||
r-oldrel-macos-x86_64 | 0.0.2 | 239.00 | OK | |||
r-oldrel-windows-ix86+x86_64 | 0.0.2 | 6.00 | 1012.00 | 1018.00 | NOTE |
Version: 0.0.2
Check: package dependencies
Result: NOTE
Package suggested but not available for checking: 'doMC'
Flavors: r-devel-windows-x86_64, r-release-windows-x86_64, r-oldrel-windows-ix86+x86_64