CRAN Package Check Results for Package mazeGen

Last updated on 2023-10-01 14:55:41 CEST.

Flavor Version Tinstall Tcheck Ttotal Status Flags
r-devel-linux-x86_64-debian-clang 0.1.3 4.32 45.92 50.24 NOTE
r-devel-linux-x86_64-debian-gcc 0.1.3 4.85 35.29 40.14 NOTE
r-devel-linux-x86_64-fedora-clang 0.1.3 64.58 NOTE
r-devel-linux-x86_64-fedora-gcc 0.1.3 64.46 NOTE
r-devel-windows-x86_64 0.1.3 7.00 72.00 79.00 OK
r-patched-linux-x86_64 0.1.3 7.06 44.88 51.94 NOTE
r-release-linux-x86_64 0.1.3 5.82 44.58 50.40 NOTE
r-release-macos-arm64 0.1.3 24.00 OK
r-release-macos-x86_64 0.1.3 33.00 OK
r-release-windows-x86_64 0.1.3 9.00 75.00 84.00 OK
r-oldrel-macos-arm64 0.1.3 24.00 OK
r-oldrel-macos-x86_64 0.1.3 31.00 OK
r-oldrel-windows-x86_64 0.1.3 8.00 66.00 74.00 OK

Check Details

Version: 0.1.3
Check: for non-standard things in the check directory
Result: NOTE
    Found the following files/directories:
     ‘map_5.png’ ‘maze_5.html’
Flavors: r-devel-linux-x86_64-debian-clang, r-devel-linux-x86_64-debian-gcc, r-devel-linux-x86_64-fedora-clang, r-devel-linux-x86_64-fedora-gcc, r-patched-linux-x86_64, r-release-linux-x86_64