CRAN Package Check Results for Package maxnodf

Last updated on 2020-07-11 08:48:32 CEST.

Flavor Version Tinstall Tcheck Ttotal Status Flags
r-devel-linux-x86_64-debian-clang 1.0.0 22.36 55.06 77.42 OK
r-devel-linux-x86_64-debian-gcc 1.0.0 18.58 42.08 60.66 OK
r-devel-linux-x86_64-fedora-gcc 1.0.0 91.37 NOTE
r-devel-windows-ix86+x86_64 1.0.0 56.00 145.00 201.00 OK
r-patched-linux-x86_64 1.0.0 18.76 52.98 71.74 OK
r-patched-solaris-x86 1.0.0 132.50 NOTE
r-release-linux-x86_64 1.0.0 18.67 53.53 72.20 OK
r-release-osx-x86_64 1.0.0 NOTE
r-release-windows-ix86+x86_64 1.0.0 46.00 126.00 172.00 OK
r-oldrel-osx-x86_64 1.0.0 NOTE
r-oldrel-windows-ix86+x86_64 1.0.0 61.00 120.00 181.00 OK

Check Details

Version: 1.0.0
Check: dependencies in R code
Result: NOTE
    Namespace in Imports field not imported from: ‘stats’
     All declared Imports should be used.
Flavors: r-devel-linux-x86_64-fedora-gcc, r-patched-solaris-x86, r-release-osx-x86_64, r-oldrel-osx-x86_64