CRAN Package Check Results for Package matrixdist

Last updated on 2021-12-04 08:50:51 CET.

Flavor Version Tinstall Tcheck Ttotal Status Flags
r-devel-linux-x86_64-debian-clang 1.1.3 147.85 57.72 205.57 OK
r-devel-linux-x86_64-debian-gcc 1.1.3 102.36 44.20 146.56 OK
r-devel-linux-x86_64-fedora-clang 1.1.3 322.26 NOTE
r-devel-linux-x86_64-fedora-gcc 1.1.3 254.59 OK
r-devel-windows-x86_64-new-UL 1.1.3 174.00 129.00 303.00 OK
r-devel-windows-x86_64-new-TK 1.1.3 OK
r-devel-windows-x86_64-old 1.1.3 170.00 65.00 235.00 OK
r-patched-linux-x86_64 1.1.3 116.25 47.38 163.63 OK
r-release-linux-x86_64 1.1.3 118.61 46.82 165.43 OK
r-release-macos-arm64 1.1.3 NOTE
r-release-macos-x86_64 1.1.3 NOTE
r-release-windows-ix86+x86_64 1.1.3 334.00 116.00 450.00 OK
r-oldrel-macos-x86_64 1.1.3 NOTE
r-oldrel-windows-ix86+x86_64 1.1.3 324.00 114.00 438.00 OK

Check Details

Version: 1.1.3
Check: installed package size
Result: NOTE
     installed size is 7.5Mb
     sub-directories of 1Mb or more:
     libs 7.0Mb
Flavors: r-devel-linux-x86_64-fedora-clang, r-release-macos-arm64, r-release-macos-x86_64, r-oldrel-macos-x86_64