CRAN Package Check Results for Package matrixcut

Last updated on 2024-05-20 20:54:03 CEST.

Flavor Version Tinstall Tcheck Ttotal Status Flags
r-devel-linux-x86_64-debian-clang 0.0.1 2.32 23.46 25.78 OK
r-devel-linux-x86_64-debian-gcc 0.0.1 1.27 17.82 19.09 OK
r-devel-linux-x86_64-fedora-clang 0.0.1 31.94 NOTE
r-devel-linux-x86_64-fedora-gcc 0.0.1 30.55 NOTE
r-devel-windows-x86_64 0.0.1 3.00 40.00 43.00 OK
r-patched-linux-x86_64 0.0.1 1.93 22.54 24.47 OK
r-release-linux-x86_64 0.0.1 2.22 22.26 24.48 OK
r-release-macos-arm64 0.0.1 16.00 OK
r-release-windows-x86_64 0.0.1 4.00 40.00 44.00 OK
r-oldrel-macos-arm64 0.0.1 16.00 OK
r-oldrel-macos-x86_64 0.0.1 19.00 OK
r-oldrel-windows-x86_64 0.0.1 4.00 40.00 44.00 OK

Check Details

Version: 0.0.1
Check: dependencies in R code
Result: NOTE Namespace in Imports field not imported from: ‘stats’ All declared Imports should be used. Flavors: r-devel-linux-x86_64-fedora-clang, r-devel-linux-x86_64-fedora-gcc