CRAN Package Check Results for Package matrixLaplacian

Last updated on 2022-08-12 18:49:47 CEST.

Flavor Version Tinstall Tcheck Ttotal Status Flags
r-devel-linux-x86_64-debian-clang 1.0 1.31 20.44 21.75 NOTE
r-devel-linux-x86_64-debian-gcc 1.0 1.29 16.07 17.36 NOTE
r-devel-linux-x86_64-fedora-clang 1.0 39.51 NOTE
r-devel-linux-x86_64-fedora-gcc 1.0 37.61 NOTE
r-devel-windows-x86_64 1.0 22.00 44.00 66.00 NOTE
r-patched-linux-x86_64 1.0 1.71 20.50 22.21 NOTE
r-release-linux-x86_64 1.0 1.82 20.35 22.17 NOTE
r-release-macos-arm64 1.0 14.00 NOTE
r-release-macos-x86_64 1.0 18.00 NOTE
r-release-windows-x86_64 1.0 4.00 45.00 49.00 NOTE
r-oldrel-macos-arm64 1.0 17.00 NOTE
r-oldrel-macos-x86_64 1.0 23.00 NOTE
r-oldrel-windows-ix86+x86_64 1.0 4.00 26.00 30.00 NOTE

Check Details

Version: 1.0
Check: LazyData
Result: NOTE
     'LazyData' is specified without a 'data' directory
Flavors: r-devel-linux-x86_64-debian-clang, r-devel-linux-x86_64-debian-gcc, r-devel-linux-x86_64-fedora-clang, r-devel-linux-x86_64-fedora-gcc, r-devel-windows-x86_64, r-patched-linux-x86_64, r-release-linux-x86_64, r-release-macos-arm64, r-release-macos-x86_64, r-release-windows-x86_64, r-oldrel-macos-arm64, r-oldrel-macos-x86_64, r-oldrel-windows-ix86+x86_64