CRAN Package Check Results for Package matchr

Last updated on 2024-05-20 19:51:34 CEST.

Flavor Version Tinstall Tcheck Ttotal Status Flags
r-devel-linux-x86_64-debian-clang 0.1.0 2.82 33.88 36.70 NOTE
r-devel-linux-x86_64-debian-gcc 0.1.0 2.78 25.57 28.35 NOTE
r-devel-linux-x86_64-fedora-clang 0.1.0 46.36 NOTE
r-devel-linux-x86_64-fedora-gcc 0.1.0 45.18 NOTE
r-devel-windows-x86_64 0.1.0 4.00 50.00 54.00 NOTE
r-patched-linux-x86_64 0.1.0 3.48 31.81 35.29 NOTE
r-release-linux-x86_64 0.1.0 3.37 32.52 35.89 NOTE
r-release-macos-arm64 0.1.0 18.00 NOTE
r-release-windows-x86_64 0.1.0 5.00 51.00 56.00 NOTE
r-oldrel-macos-arm64 0.1.0 27.00 OK
r-oldrel-macos-x86_64 0.1.0 26.00 OK
r-oldrel-windows-x86_64 0.1.0 5.00 54.00 59.00 OK

Check Details

Version: 0.1.0
Check: Rd files
Result: NOTE checkRd: (-1) Match.Rd:90: Lost braces; missing escapes or markup? 90 | expression in braces. For example, the condition "{[ab]*}" is equivalent | ^ Flavors: r-devel-linux-x86_64-debian-clang, r-devel-linux-x86_64-debian-gcc, r-devel-linux-x86_64-fedora-clang, r-devel-linux-x86_64-fedora-gcc, r-devel-windows-x86_64, r-patched-linux-x86_64, r-release-linux-x86_64, r-release-macos-arm64, r-release-windows-x86_64