Last updated on 2023-03-22 12:53:53 CET.
Flavor | Version | Tinstall | Tcheck | Ttotal | Status | Flags |
---|---|---|---|---|---|---|
r-devel-linux-x86_64-debian-clang | 1.0-2 | 216.73 | 160.93 | 377.66 | NOTE | |
r-devel-linux-x86_64-debian-gcc | 1.0-2 | 171.03 | 120.96 | 291.99 | NOTE | |
r-devel-linux-x86_64-fedora-clang | 1.0-2 | 565.48 | WARN | |||
r-devel-linux-x86_64-fedora-gcc | 1.0-2 | 514.10 | NOTE | |||
r-patched-linux-x86_64 | 1.0-2 | 182.91 | 154.87 | 337.78 | OK | |
r-release-linux-x86_64 | 1.0-2 | 181.91 | 150.92 | 332.83 | OK | |
r-release-macos-arm64 | 1.0-2 | 136.00 | NOTE | |||
r-release-macos-x86_64 | 1.0-2 | 157.00 | NOTE | |||
r-release-windows-x86_64 | 1.0-2 | 204.00 | 249.00 | 453.00 | NOTE | |
r-oldrel-macos-arm64 | 1.0-2 | 182.00 | NOTE | |||
r-oldrel-macos-x86_64 | 1.0-2 | 226.00 | NOTE | |||
r-oldrel-windows-ix86+x86_64 | 1.0-2 | 507.00 | 253.00 | 760.00 | NOTE |
Version: 1.0-2
Check: C++ specification
Result: NOTE
Specified C++11: please drop specification unless essential
Flavors: r-devel-linux-x86_64-debian-clang, r-devel-linux-x86_64-debian-gcc, r-devel-linux-x86_64-fedora-clang, r-devel-linux-x86_64-fedora-gcc
Version: 1.0-2
Check: whether package can be installed
Result: WARN
Found the following significant warnings:
../inst/include/Options.h:147:13: warning: variable 'end' is uninitialized when used here [-Wuninitialized]
../inst/include/Options.h:207:13: warning: variable 'end' is uninitialized when used here [-Wuninitialized]
../inst/include/Options.h:275:13: warning: variable 'end' is uninitialized when used here [-Wuninitialized]
See ‘/data/gannet/ripley/R/packages/tests-clang/matchingMarkets.Rcheck/00install.out’ for details.
* used C++ compiler: ‘clang version 16.0.0’
Flavor: r-devel-linux-x86_64-fedora-clang
Version: 1.0-2
Check: installed package size
Result: NOTE
installed size is 5.3Mb
sub-directories of 1Mb or more:
java 3.3Mb
Flavors: r-devel-linux-x86_64-fedora-clang, r-release-macos-arm64, r-release-macos-x86_64, r-release-windows-x86_64, r-oldrel-macos-arm64, r-oldrel-macos-x86_64, r-oldrel-windows-ix86+x86_64