CRAN Package Check Results for Package matchingMarkets

Last updated on 2021-04-18 09:47:47 CEST.

Flavor Version Tinstall Tcheck Ttotal Status Flags
r-devel-linux-x86_64-debian-clang 1.0-2 230.31 157.24 387.55 OK
r-devel-linux-x86_64-debian-gcc 1.0-2 149.51 113.98 263.49 OK
r-devel-linux-x86_64-fedora-clang 1.0-2 515.02 NOTE
r-devel-linux-x86_64-fedora-gcc 1.0-2 464.66 OK
r-devel-windows-ix86+x86_64 1.0-2 508.00 4.00 512.00 ERROR
r-devel-windows-x86_64-gcc10-UCRT 1.0-2 OK
r-patched-linux-x86_64 1.0-2 179.23 144.67 323.90 OK
r-patched-solaris-x86 1.0-2 446.90 NOTE
r-release-linux-x86_64 1.0-2 179.19 144.49 323.68 OK
r-release-macos-x86_64 1.0-2 NOTE
r-release-windows-ix86+x86_64 1.0-2 488.00 223.00 711.00 NOTE
r-oldrel-macos-x86_64 1.0-2 NOTE
r-oldrel-windows-ix86+x86_64 1.0-2 325.00 188.00 513.00 NOTE

Check Details

Version: 1.0-2
Check: installed package size
Result: NOTE
     installed size is 14.4Mb
     sub-directories of 1Mb or more:
     java 3.3Mb
     libs 9.8Mb
Flavors: r-devel-linux-x86_64-fedora-clang, r-patched-solaris-x86, r-release-macos-x86_64, r-release-windows-ix86+x86_64, r-oldrel-macos-x86_64, r-oldrel-windows-ix86+x86_64

Version: 1.0-2
Check: whether package can be installed
Result: ERROR
    Installation failed.
Flavor: r-devel-windows-ix86+x86_64