CRAN Package Check Results for Package matchingMarkets

Last updated on 2021-12-03 12:56:40 CET.

Flavor Version Tinstall Tcheck Ttotal Status Flags
r-devel-linux-x86_64-debian-clang 1.0-2 196.50 150.75 347.25 OK
r-devel-linux-x86_64-debian-gcc 1.0-2 147.51 113.35 260.86 OK
r-devel-linux-x86_64-fedora-clang 1.0-2 527.09 WARN
r-devel-linux-x86_64-fedora-gcc 1.0-2 471.11 WARN
r-devel-windows-x86_64-new-UL 1.0-2 256.00 276.00 532.00 NOTE
r-devel-windows-x86_64-new-TK 1.0-2 WARN
r-devel-windows-x86_64-old 1.0-2 257.00 160.00 417.00 NOTE
r-patched-linux-x86_64 1.0-2 184.18 144.63 328.81 OK
r-patched-solaris-x86 1.0-2 461.40 NOTE
r-release-linux-x86_64 1.0-2 173.80 145.02 318.82 OK
r-release-macos-arm64 1.0-2 NOTE
r-release-macos-x86_64 1.0-2 NOTE
r-release-windows-ix86+x86_64 1.0-2 495.00 230.00 725.00 NOTE
r-oldrel-macos-x86_64 1.0-2 NOTE
r-oldrel-windows-ix86+x86_64 1.0-2 495.00 222.00 717.00 NOTE

Check Details

Version: 1.0-2
Check: installed package size
Result: NOTE
     installed size is 13.9Mb
     sub-directories of 1Mb or more:
     java 3.3Mb
     libs 9.3Mb
Flavors: r-devel-linux-x86_64-fedora-clang, r-devel-windows-x86_64-new-UL, r-devel-windows-x86_64-old, r-patched-solaris-x86, r-release-macos-arm64, r-release-macos-x86_64, r-release-windows-ix86+x86_64, r-oldrel-macos-x86_64, r-oldrel-windows-ix86+x86_64

Version: 1.0-2
Check: re-building of vignette outputs
Result: WARN
    Error(s) in re-building vignettes:
    --- re-building ‘matching.Rnw’ using knitr_notangle
    0% 10 20 30 40 50 60 70 80 90 100%
    [----|----|----|----|----|----|----|----|----|----|
    **************************************************|
    Warning: glm.fit: fitted probabilities numerically 0 or 1 occurred
    Warning: glm.fit: fitted probabilities numerically 0 or 1 occurred
    Error: processing vignette 'matching.Rnw' failed with diagnostics:
    Running 'texi2dvi' on 'matching.tex' failed.
    LaTeX errors:
    ! Package xcolor Error: Undefined color `Blue'.
    
    See the xcolor package documentation for explanation.
    Type H <return> for immediate help.
     ...
    ! Package xcolor Error: Undefined color `Blue'.
    
    See the xcolor package documentation for explanation.
    Type H <return> for immediate help.
     ...
    ! Package xcolor Error: Undefined color `Blue'.
    
    See the xcolor package documentation for explanation.
    Type H <return> for immediate help.
     ...
    ! Package xcolor Error: Undefined color `Blue'.
    
    See the xcolor package documentation for explanation.
    Type H <return> for immediate help.
     ...
    ! Package xcolor Error: Undefined color `Blue'.
    
    See the xcolor package documentation for explanation.
    Type H <return> for immediate help.
     ...
    ! Package xcolor Error: Undefined color `Blue'.
    
    See the xcolor package documentation for explanation.
    Type H <return> for immediate help.
     ...
    ! Package xcolor Error: Undefined color `Blue'.
    
    See the xcolor package documentation for explanation.
    Type H <return> for immediate help.
     ...
    ! Package xcolor Error: Undefined color `Blue'.
    
    See the xcolor package documentation for explanation.
    Type H <return> for immediate help.
     ...
    ! Package xcolor Error: Undefined color `Blue'.
    
    See the xcolor package documentation for explanation.
    Type H <return> for immediate help.
     ...
    ! Package xcolor Error: Undefined color `Blue'.
    
    See the xcolor package documentation for explanation.
    Type H <return> for immediate help.
     ...
    ! Package xcolor Error: Undefined color `Blue'.
    
    See the xcolor package documentation for explanation.
    Type H <return> for immediate help.
     ...
    ! Package xcolor Error: Undefined color `Blue'.
    
    See the xcolor package documentation for explanation.
    Type H <return> for immediate help.
     ...
    ! Package xcolor Error: Undefined color `Blue'.
    
    See the xcolor package documentation for explanation.
    Type H <return> for immediate help.
     ...
    ! Package xcolor Error: Undefined color `Blue'.
    
    See the xcolor package documentation for explanation.
    Type H <return> for immediate help.
     ...
    ! Package xcolor Error: Undefined color `Blue'.
    
    See the xcolor package documentation for explanation.
    Type H <return> for immediate help.
     ...
    ! Package xcolor Error: Undefined color `Blue'.
    
    See the xcolor package documentation for explanation.
    Type H <return> for immediate help.
     ...
    ! Package xcolor Error: Undefined color `Blue'.
    
    See the xcolor package documentation for explanation.
    Type H <return> for immediate help.
     ...
    ! Package xcolor Error: Undefined color `Blue'.
    
    See the xcolor package documentation for explanation.
    Type H <return> for immediate help.
     ...
    ! Package xcolor Error: Undefined color `Blue'.
    
    See the xcolor package documentation for explanation.
    Type H <return> for immediate help.
     ...
    ! Package xcolor Error: Undefined color `Blue'.
    
    See the xcolor package documentation for explanation.
    Type H <return> for immediate help.
     ...
    ! Package xcolor Error: Undefined color `Red'.
    
    See the xcolor package documentation for explanation.
    Type H <return> for immediate help.
     ...
    ! Package xcolor Error: Undefined color `Red'.
    
    See the xcolor package documentation for explanation.
    Type H <return> for immediate help.
     ...
    ! Package xcolor Error: Undefined color `Blue'.
    
    See the xcolor package documentation for explanation.
    Type H <return> for immediate help.
     ...
    ! Package xcolor Error: Undefined color `Blue'.
    
    See the xcolor package documentation for explanation.
    Type H <return> for immediate help.
     ...
    ! Package xcolor Error: Undefined color `Red'.
    
    See the xcolor package documentation for explanation.
    Type H <return> for immediate help.
     ...
    ! Package xcolor Error: Undefined color `Blue'.
    
    See the xcolor package documentation for explanation.
    Type H <return> for immediate help.
     ...
    ! Package xcolor Error: Undefined color `Blue'.
    
    See the xcolor package documentation for explanation.
    Type H <return> for immediate help.
     ...
    ! Package xcolor Error: Undefined color `Red'.
    
    See the xcolor package documentation for explanation.
    Type H <return> for immediate help.
     ...
    ! Package xcolor Error: Undefined color `Blue'.
    
    See the xcolor package documentation for explanation.
    Type H <return> for immediate help.
     ...
    ! Package xcolor Error: Undefined color `Blue'.
    
    See the xcolor package documentation for explanation.
    Type H <return> for immediate help.
     ...
    ! Package xcolor Error: Undefined color `Blue'.
    
    See the xcolor package documentation for explanation.
    Type H <return> for immediate help.
     ...
    ! Package xcolor Error: Undefined color `Blue'.
    
    See the xcolor package documentation for explanation.
    Type H <return> for immediate help.
     ...
    ! Package xcolor Error: Undefined color `Red'.
    
    See the xcolor package documentation for explanation.
    Type H <return> for immediate help.
     ...
    ! Package xcolor Error: Undefined color `Blue'.
    
    See the xcolor package documentation for explanation.
    Type H <return> for immediate help.
     ...
    ! Package xcolor Error: Undefined color `Blue'.
    
    See the xcolor package documentation for explanation.
    Type H <return> for immediate help.
     ...
    ! Package xcolor Error: Undefined color `Blue'.
    
    See the xcolor package documentation for explanation.
    Type H <return> for immediate help.
     ...
    ! Package xcolor Error: Undefined color `Blue'.
    
    See the xcolor package documentation for explanation.
    Type H <return> for immediate help.
     ...
    ! Package xcolor Error: Undefined color `Blue'.
    
    See the xcolor package documentation for explanation.
    Type H <return> for immediate help.
     ...
    ! Package xcolor Error: Undefined color `Blue'.
    
    See the xcolor package documentation for explanation.
    Type H <return> for immediate help.
     ...
    ! Package xcolor Error: Undefined color `Blue'.
    
    See the xcolor package documentation for explanation.
    Type H <return> for immediate help.
     ...
    ! Package xcolor Error: Undefined color `Blue'.
    
    See the xcolor package documentation for explanation.
    Type H <return> for immediate help.
     ...
    ! Package xcolor Error: Undefined color `Blue'.
    
    See the xcolor package documentation for explanation.
    Type H <return> for immediate help.
     ...
    ! Package xcolor Error: Undefined color `Blue'.
    
    See the xcolor package
    --- failed re-building ‘matching.Rnw’
    
    SUMMARY: processing the following file failed:
     ‘matching.Rnw’
    
    Error: Vignette re-building failed.
    Execution halted
Flavors: r-devel-linux-x86_64-fedora-clang, r-devel-linux-x86_64-fedora-gcc

Version: 1.0-2
Check: re-building of vignette outputs
Result: WARN
    Error(s) in re-building vignettes:
    --- re-building 'matching.Rnw' using knitr_notangle
    0% 10 20 30 40 50 60 70 80 90 100%
    [----|----|----|----|----|----|----|----|----|----|
    **************************************************|
    Warning: glm.fit: fitted probabilities numerically 0 or 1 occurred
    Warning: glm.fit: fitted probabilities numerically 0 or 1 occurred
    Warning in system(paste(shQuote(texi2dvi), if (quiet) "--quiet" else "", :
     running command '"C:\PROGRA~1\MiKTeX\miktex\bin\x64\texify.exe" --quiet --pdf "matching.tex" --max-iterations=20 -I "C:/r_packages/rinst/share/texmf/tex/latex" -I "C:/r_packages/rinst/share/texmf/bibtex/bst"' had status 1
    Error: processing vignette 'matching.Rnw' failed with diagnostics:
    running 'texi2dvi' on 'matching.tex' failed
    
    LaTeX errors:
    tchingMarkets/vignettes/matching.tex:88: Package xcolor Error: Undefined color
    `Blue'.
    
    See the xcolor package documentation for explanation.
    Type H <return> for immediate help.
    Sections/1_Introduction.tex:9: Package xcolor Error: Undefined color `Blue'.
    
    See the xcolor package documentation for explanation.
    Type H <return> for immediate help.
     ...
    Sections/1_Introduction.tex:21: Package xcolor Error: Undefined color `Red'.
    
    See the xcolor package documentation for explanation.
    Type H <return> for immediate help.
     ...
    Sections/1_Introduction.tex:21: Package xcolor Error: Undefined color `Red'.
    
    See the xcolor package documentation for explanation.
    Type H <return> for immediate help.
     ...
    Sections/1_Introduction.tex:21: Package xcolor Error: Undefined color `Red'.
    
    See the xcolor package documentation for explanation.
    Type H <return> for immediate help.
     ...
    Sections/1_Introduction.tex:21: Package xcolor Error: Undefined color `Red'.
    
    See the xcolor package documentation for explanation.
    Type H <return> for immediate help.
     ...
    Sections/1_Introduction.tex:139: Package xcolor Error: Undefined color `Red'.
    
    See the xcolor package documentation for explanation.
    Type H <return> for immediate help.
     ...
    Sections/3_StructuralModel.tex:3: Package xcolor Error: Undefined color `Blue'.
    
    
    See the xcolor package documentation for explanation.
    Type H <return> for immediate help.
    Sections/3_StructuralModel.tex:29: Package xcolor Error: Undefined color `Blue'
    .
    
    See the xcolor package documentation for explanation.
    Type H <return> for immediate help.
    tchingMarkets/vignettes/matching.tex:120: Package xcolor Error: Undefined color
     `fgcolor'.
    
    See the xcolor package documentation for explanation.
    Type H <return> for immediate help.
    tchingMarkets/vignettes/matching.tex:148: Package xcolor Error: Undefined color
     `fgcolor'.
    
    See the xcolor package documentation for explanation.
    Type H <return> for immediate help.
    tchingMarkets/vignettes/matching.tex:159: Package xcolor Error: Undefined color
     `fgcolor'.
    
    See the xcolor package documentation for explanation.
    Type H <return> for immediate help.
    tchingMarkets/vignettes/matching.tex:172: Package xcolor Error: Undefined color
     `fgcolor'.
    
    See the xcolor package documentation for explanation.
    Type H <return> for immediate help.
    tchingMarkets/vignettes/matching.tex:190: Package xcolor Error: Undefined color
     `fgcolor'.
    
    See the xcolor package documentation for explanation.
    Type H <return> for immediate help.
    tchingMarkets/vignettes/matching.tex:225: Package xcolor Error: Undefined color
     `fgcolor'.
    
    See the xcolor package documentation for explanation.
    Type H <return> for immediate help.
    tchingMarkets/vignettes/matching.tex:233: Package xcolor Error: Undefined color
     `fgcolor'.
    
    See the xcolor package documentation for explanation.
    Type H <return> for immediate help.
    tchingMarkets/vignettes/matching.tex:241: Package xcolor Error: Undefined color
     `fgcolor'.
    
    See the xcolor package documentation for explanation.
    Type H <return> for immediate help.
    tchingMarkets/vignettes/matching.tex:253: Package xcolor Error: Undefined color
     `fgcolor'.
    
    See the xcolor package documentation for explanation.
    Type H <return> for immediate help.
    tchingMarkets/vignettes/matching.tex:267: Package xcolor Error: Undefined color
     `fgcolor'.
    
    See the xcolor package documentation for explanation.
    Type H <return> for immediate help.
    tchingMarkets/vignettes/matching.tex:289: Package xcolor Error: Undefined color
     `fgcolor'.
    
    See the xcolor package documentation for explanation.
    Type H <return> for immediate help.
    tchingMarkets/vignettes/matching.tex:298: Package xcolor Error: Undefined color
     `fgcolor'.
    
    See the xcolor package documentation for explanation.
    Type H <return> for immediate help.
    tchingMarkets/vignettes/matching.tex:307: Package xcolor Error: Undefined color
     `fgcolor'.
    
    See the xcolor package documentation for explanation.
    Type H <return> for immediate help.
    tchingMarkets/vignettes/matching.tex:386: Package xcolor Error: Undefined color
     `fgcolor'.
    
    See the xcolor package documentation for explanation.
    Type H <return> for immediate help.
    tchingMarkets/vignettes/matching.tex:408: Package xcolor Error: Undefined color
     `fgcolor'.
    
    See the xcolor package documentation for explanation.
    Type H <return> for immediate help.
    tchingMarkets/vignettes/matching.tex:419: Package xcolor Error: Undefined color
     `fgcolor'.
    
    See the xcolor package documentation for explanation.
    Type H <return> for immediate help.
    tchingMarkets/vignettes/matching.tex:429: Package xcolor Error: Undefined color
     `fgcolor'.
    
    See the xcolor package documentation for explanation.
    Type H <return> for immediate help.
    tchingMarkets/vignettes/matching.tex:502: Package xcolor Error: Undefined color
     `fgcolor'.
    
    See the xcolor package documentation for explanation.
    Type H <return> for immediate help.
    tchingMarkets/vignettes/matching.tex:513: Package xcolor Error: Undefined color
     `fgcolor'.
    
    See the xcolor package documentation for explanation.
    Type H <return> for immediate help.
    tchingMarkets/vignettes/matching.tex:527: Package xcolor Error: Undefined color
     `fgcolor'.
    
    See the xcolor package documentation for explanation.
    Type H <return> for immediate help.
    tchingMarkets/vignettes/matching.tex:608: Package xcolor Error: Undefined color
     `fgcolor'.
    
    See the xcolor package documentation for explanation.
    Type H <return> for immediate help.
    Sections/AppendixC.tex:8: Package xcolor Error: Undefined color `Blue'.
    
    See the xcolor package documentation for explanation.
    Type H <return> for immediate help.
     ...
    Sections/AppendixC.tex:12: Package xcolor Error: Undefined color `Blue'.
    
    See the xcolor package documentation for explanation.
    Type H <return> for immediate help.
     ...
    Sections/AppendixC.tex:18: Package xcolor Error: Undefined color `Blue'.
    
    See the xcolor package documentation for explanation.
    Type H <return> for immediate help.
     ...
    tchingMarkets/vignettes/matching.tex:654: Package xcolor Error: Undefined color
     `Red'.
    
    See the xcolor package documentation for explanation.
    Type H <return> for immediate help.
    tchingMarkets/vignettes/matching.tex:654: Package xcolor Error: Undefined color
     `Red'.
    
    See the xcolor package documentation for explanation.
    Type H <return> for immediate help.
    
    --- failed re-building 'matching.Rnw'
    
    SUMMARY: processing the following file failed:
     'matching.Rnw'
    
    Error: Vignette re-building failed.
    Execution halted
Flavor: r-devel-windows-x86_64-new-TK