CRAN Package Check Results for Package matchingMarkets

Last updated on 2020-10-21 17:50:45 CEST.

Flavor Version Tinstall Tcheck Ttotal Status Flags
r-devel-linux-x86_64-debian-clang 1.0-2 231.89 152.90 384.79 OK
r-devel-linux-x86_64-debian-gcc 1.0-2 164.00 111.86 275.86 OK
r-devel-linux-x86_64-fedora-clang 1.0-2 513.60 NOTE
r-devel-linux-x86_64-fedora-gcc 1.0-2 499.25 OK
r-devel-windows-ix86+x86_64 1.0-2 467.00 232.00 699.00 NOTE
r-patched-linux-x86_64 1.0-2 200.65 139.16 339.81 OK
r-patched-solaris-x86 1.0-2 419.30 NOTE
r-release-linux-x86_64 1.0-2 200.57 139.92 340.49 OK
r-release-macos-x86_64 1.0-2 NOTE
r-release-windows-ix86+x86_64 1.0-2 354.00 164.00 518.00 NOTE
r-oldrel-macos-x86_64 1.0-2 NOTE
r-oldrel-windows-ix86+x86_64 1.0-2 413.00 6.00 419.00 ERROR

Check Details

Version: 1.0-2
Check: installed package size
Result: NOTE
     installed size is 16.0Mb
     sub-directories of 1Mb or more:
     java 3.3Mb
     libs 11.5Mb
Flavors: r-devel-linux-x86_64-fedora-clang, r-devel-windows-ix86+x86_64, r-patched-solaris-x86, r-release-macos-x86_64, r-release-windows-ix86+x86_64, r-oldrel-macos-x86_64

Version: 1.0-2
Check: whether package can be installed
Result: ERROR
    Installation failed.
Flavor: r-oldrel-windows-ix86+x86_64