CRAN Package Check Results for Package matchingMarkets

Last updated on 2020-08-13 06:47:33 CEST.

Flavor Version Tinstall Tcheck Ttotal Status Flags
r-devel-linux-x86_64-debian-clang 1.0-2 224.17 143.08 367.25 OK
r-devel-linux-x86_64-debian-gcc 1.0-2 162.82 106.56 269.38 OK
r-devel-linux-x86_64-fedora-clang 1.0-2 493.90 NOTE
r-devel-linux-x86_64-fedora-gcc 1.0-2 448.48 OK
r-devel-windows-ix86+x86_64 1.0-2 496.00 236.00 732.00 NOTE
r-patched-linux-x86_64 1.0-2 181.95 139.98 321.93 OK
r-patched-solaris-x86 1.0-2 449.50 NOTE
r-release-linux-x86_64 1.0-2 176.75 141.53 318.28 OK
r-release-macos-x86_64 1.0-2 NOTE
r-release-windows-ix86+x86_64 1.0-2 490.00 194.00 684.00 NOTE
r-oldrel-macos-x86_64 1.0-2 NOTE
r-oldrel-windows-ix86+x86_64 1.0-2 319.00 178.00 497.00 NOTE

Check Details

Version: 1.0-2
Check: installed package size
Result: NOTE
     installed size is 16.5Mb
     sub-directories of 1Mb or more:
     java 3.3Mb
     libs 11.9Mb
Flavors: r-devel-linux-x86_64-fedora-clang, r-devel-windows-ix86+x86_64, r-patched-solaris-x86, r-release-macos-x86_64, r-release-windows-ix86+x86_64, r-oldrel-macos-x86_64, r-oldrel-windows-ix86+x86_64