CRAN Package Check Results for Package mastif

Last updated on 2021-12-05 23:52:19 CET.

Flavor Version Tinstall Tcheck Ttotal Status Flags
r-devel-linux-x86_64-debian-clang 1.0.1 55.57 129.77 185.34 NOTE
r-devel-linux-x86_64-debian-gcc 1.0.1 47.79 94.17 141.96 NOTE
r-devel-linux-x86_64-fedora-clang 1.0.1 245.10 NOTE
r-devel-linux-x86_64-fedora-gcc 1.0.1 222.17 NOTE
r-devel-windows-x86_64-new-UL 1.0.1 87.00 173.00 260.00 NOTE
r-devel-windows-x86_64-new-TK 1.0.1 NOTE
r-devel-windows-x86_64-old 1.0.1 84.00 115.00 199.00 NOTE
r-patched-linux-x86_64 1.0.1 54.81 117.29 172.10 NOTE
r-release-linux-x86_64 1.0.1 56.33 124.18 180.51 NOTE
r-release-macos-arm64 1.0.1 NOTE
r-release-macos-x86_64 1.0.1 NOTE
r-release-windows-ix86+x86_64 1.0.1 130.00 165.00 295.00 NOTE
r-oldrel-macos-x86_64 1.0.1 OK
r-oldrel-windows-ix86+x86_64 1.0.1 126.00 163.00 289.00 OK

Check Details

Version: 1.0.1
Check: LazyData
Result: NOTE
     'LazyData' is specified without a 'data' directory
Flavors: r-devel-linux-x86_64-debian-clang, r-devel-linux-x86_64-debian-gcc, r-devel-linux-x86_64-fedora-clang, r-devel-linux-x86_64-fedora-gcc, r-devel-windows-x86_64-new-UL, r-devel-windows-x86_64-new-TK, r-devel-windows-x86_64-old, r-patched-linux-x86_64, r-release-linux-x86_64, r-release-macos-arm64, r-release-macos-x86_64, r-release-windows-ix86+x86_64