Last updated on 2025-06-13 14:48:40 CEST.
Flavor | Version | Tinstall | Tcheck | Ttotal | Status | Flags |
---|---|---|---|---|---|---|
r-devel-linux-x86_64-debian-clang | 1.1.5 | 64.31 | 215.51 | 279.82 | OK | |
r-devel-linux-x86_64-debian-gcc | 1.1.5 | 44.20 | 142.05 | 186.25 | OK | |
r-devel-linux-x86_64-fedora-clang | 1.1.5 | 456.47 | OK | |||
r-devel-linux-x86_64-fedora-gcc | 1.1.5 | 467.58 | OK | |||
r-devel-windows-x86_64 | 1.1.5 | 59.00 | 280.00 | 339.00 | OK | |
r-patched-linux-x86_64 | 1.1.5 | 65.61 | 206.36 | 271.97 | OK | |
r-release-linux-x86_64 | 1.1.5 | 66.23 | 206.43 | 272.66 | OK | |
r-release-macos-arm64 | 1.1.5 | 173.00 | OK | |||
r-release-macos-x86_64 | 1.1.5 | 292.00 | OK | |||
r-release-windows-x86_64 | 1.1.5 | 61.00 | 281.00 | 342.00 | OK | |
r-oldrel-macos-arm64 | 1.1.5 | 83.00 | NOTE | |||
r-oldrel-macos-x86_64 | 1.1.5 | 151.00 | NOTE | |||
r-oldrel-windows-x86_64 | 1.1.5 | 79.00 | 375.00 | 454.00 | OK |
Version: 1.1.5
Check: installed package size
Result: NOTE
installed size is 5.3Mb
sub-directories of 1Mb or more:
libs 3.5Mb
Flavors: r-oldrel-macos-arm64, r-oldrel-macos-x86_64