Last updated on 2023-01-27 16:49:23 CET.
Flavor | Version | Tinstall | Tcheck | Ttotal | Status | Flags |
---|---|---|---|---|---|---|
r-devel-linux-x86_64-debian-clang | 0.8.1 | 12.00 | 121.25 | 133.25 | OK | |
r-devel-linux-x86_64-debian-gcc | 0.8.1 | 9.10 | 83.90 | 93.00 | OK | |
r-devel-linux-x86_64-fedora-clang | 0.8.1 | 158.01 | NOTE | |||
r-devel-linux-x86_64-fedora-gcc | 0.8.1 | 160.07 | OK | |||
r-devel-windows-x86_64 | 0.8.1 | 241.00 | 136.00 | 377.00 | OK | |
r-patched-linux-x86_64 | 0.8.1 | 11.82 | 105.80 | 117.62 | OK | |
r-release-linux-x86_64 | 0.8.1 | 13.03 | 106.11 | 119.14 | OK | |
r-release-macos-arm64 | 0.8.1 | 45.00 | OK | |||
r-release-macos-x86_64 | 0.8.1 | 63.00 | OK | |||
r-release-windows-x86_64 | 0.8.1 | 236.00 | 156.00 | 392.00 | OK | |
r-oldrel-macos-arm64 | 0.8.1 | 43.00 | OK | |||
r-oldrel-macos-x86_64 | 0.8.1 | 60.00 | OK | |||
r-oldrel-windows-ix86+x86_64 | 0.8.1 | 20.00 | 131.00 | 151.00 | OK |
Version: 0.8.1
Check: Rd cross-references
Result: NOTE
Undeclared package ‘car’ in Rd xrefs
Flavor: r-devel-linux-x86_64-fedora-clang