CRAN Package Check Results for Package maptools

Last updated on 2022-12-07 02:51:49 CET.

Flavor Version Tinstall Tcheck Ttotal Status Flags
r-devel-linux-x86_64-debian-clang 1.1-5 21.17 147.23 168.40 WARN
r-devel-linux-x86_64-debian-gcc 1.1-5 15.63 110.89 126.52 WARN
r-devel-linux-x86_64-fedora-clang 1.1-5 224.38 WARN
r-devel-linux-x86_64-fedora-gcc 1.1-5 223.49 WARN
r-devel-windows-x86_64 1.1-5 93.00 245.00 338.00 OK
r-patched-linux-x86_64 1.1-5 18.59 136.94 155.53 OK
r-release-linux-x86_64 1.1-5 19.33 140.53 159.86 OK
r-release-macos-arm64 1.1-5 72.00 OK
r-release-macos-x86_64 1.1-5 83.00 OK
r-release-windows-x86_64 1.1-5 89.00 247.00 336.00 OK
r-oldrel-macos-arm64 1.1-5 69.00 OK
r-oldrel-macos-x86_64 1.1-5 83.00 OK
r-oldrel-windows-ix86+x86_64 1.1-5 50.00 280.00 330.00 OK

Additional issues

clang-UBSAN

Check Details

Version: 1.1-5
Check: compiled code
Result: WARN
    File 'maptools/libs/maptools.so':
     Found '__sprintf_chk', possibly from 'sprintf' (C)
     Objects: 'Rgshhs.o', 'shpopen.o'
    
    Compiled code should not call entry points which might terminate R nor
    write to stdout/stderr instead of to the console, nor use Fortran I/O
    nor system RNGs nor [v]sprintf.
    
    See 'Writing portable packages' in the 'Writing R Extensions' manual.
Flavors: r-devel-linux-x86_64-debian-clang, r-devel-linux-x86_64-debian-gcc, r-devel-linux-x86_64-fedora-gcc

Version: 1.1-5
Check: compiled code
Result: WARN
    File ‘maptools/libs/maptools.so’:
     Found ‘sprintf’, possibly from ‘sprintf’ (C)
     Objects: ‘Rgshhs.o’, ‘shpopen.o’
    
    Compiled code should not call entry points which might terminate R nor
    write to stdout/stderr instead of to the console, nor use Fortran I/O
    nor system RNGs nor [v]sprintf.
    
    See ‘Writing portable packages’ in the ‘Writing R Extensions’ manual.
Flavor: r-devel-linux-x86_64-fedora-clang