Last updated on 2023-12-10 06:50:29 CET.
Flavor | Version | Tinstall | Tcheck | Ttotal | Status | Flags |
---|---|---|---|---|---|---|
r-devel-linux-x86_64-debian-clang | 0.0.6 | 44.24 | 82.36 | 126.60 | NOTE | |
r-devel-linux-x86_64-debian-gcc | 0.0.6 | 32.54 | 60.46 | 93.00 | NOTE | |
r-devel-linux-x86_64-fedora-clang | 0.0.6 | 181.16 | NOTE | |||
r-devel-linux-x86_64-fedora-gcc | 0.0.6 | 180.95 | NOTE | |||
r-devel-windows-x86_64 | 0.0.6 | 39.00 | 97.00 | 136.00 | NOTE | |
r-patched-linux-x86_64 | 0.0.6 | 40.19 | 77.30 | 117.49 | NOTE | |
r-release-linux-x86_64 | 0.0.6 | 39.24 | 76.46 | 115.70 | NOTE | |
r-release-macos-arm64 | 0.0.6 | 54.00 | NOTE | |||
r-release-macos-x86_64 | 0.0.6 | 90.00 | NOTE | |||
r-release-windows-x86_64 | 0.0.6 | 48.00 | 109.00 | 157.00 | NOTE | |
r-oldrel-macos-arm64 | 0.0.6 | 42.00 | NOTE | |||
r-oldrel-macos-x86_64 | 0.0.6 | 62.00 | NOTE | |||
r-oldrel-windows-x86_64 | 0.0.6 | 50.00 | 114.00 | 164.00 | OK |
Version: 0.0.6
Check: C++ specification
Result: NOTE
Specified C++11: please drop specification unless essential
Flavors: r-devel-linux-x86_64-debian-clang, r-devel-linux-x86_64-debian-gcc, r-devel-linux-x86_64-fedora-clang, r-devel-linux-x86_64-fedora-gcc, r-devel-windows-x86_64, r-patched-linux-x86_64, r-release-linux-x86_64, r-release-macos-arm64, r-release-macos-x86_64, r-release-windows-x86_64
Version: 0.0.6
Check: installed package size
Result: NOTE
installed size is 5.6Mb
sub-directories of 1Mb or more:
doc 2.8Mb
libs 2.1Mb
Flavors: r-release-macos-arm64, r-release-macos-x86_64, r-oldrel-macos-arm64, r-oldrel-macos-x86_64