Last updated on 2023-03-27 08:51:18 CEST.
Flavor | Version | Tinstall | Tcheck | Ttotal | Status | Flags |
---|---|---|---|---|---|---|
r-devel-linux-x86_64-debian-clang | 1.0.2 | 6.80 | 37.88 | 44.68 | OK | |
r-devel-linux-x86_64-debian-gcc | 1.0.2 | 4.67 | 29.32 | 33.99 | OK | |
r-devel-linux-x86_64-fedora-clang | 1.0.2 | 55.54 | NOTE | |||
r-devel-linux-x86_64-fedora-gcc | 1.0.2 | 55.39 | NOTE | |||
r-patched-linux-x86_64 | 1.0.2 | 6.33 | 36.05 | 42.38 | OK | |
r-release-linux-x86_64 | 1.0.2 | 7.01 | 37.99 | 45.00 | OK | |
r-release-macos-arm64 | 1.0.2 | 20.00 | NOTE | |||
r-release-macos-x86_64 | 1.0.2 | 30.00 | NOTE | |||
r-release-windows-x86_64 | 1.0.2 | 16.00 | 74.00 | 90.00 | OK | |
r-oldrel-macos-arm64 | 1.0.2 | 20.00 | NOTE | |||
r-oldrel-macos-x86_64 | 1.0.2 | 30.00 | NOTE | |||
r-oldrel-windows-ix86+x86_64 | 1.0.2 | 13.00 | 64.00 | 77.00 | OK |
Version: 1.0.2
Check: data for non-ASCII characters
Result: NOTE
Note: found 1763 marked UTF-8 strings
Flavors: r-devel-linux-x86_64-fedora-clang, r-devel-linux-x86_64-fedora-gcc, r-release-macos-arm64, r-release-macos-x86_64, r-oldrel-macos-arm64, r-oldrel-macos-x86_64