CRAN Package Check Results for Package mappp

Last updated on 2022-08-16 03:55:34 CEST.

Flavor Version Tinstall Tcheck Ttotal Status Flags
r-devel-linux-x86_64-debian-clang 1.0.0 1.73 23.62 25.35 OK
r-devel-linux-x86_64-debian-gcc 1.0.0 1.41 18.63 20.04 OK
r-devel-linux-x86_64-fedora-clang 1.0.0 42.26 NOTE
r-devel-linux-x86_64-fedora-gcc 1.0.0 40.76 NOTE
r-devel-windows-x86_64 1.0.0 6.00 54.00 60.00 OK
r-patched-linux-x86_64 1.0.0 2.19 22.74 24.93 OK
r-release-linux-x86_64 1.0.0 1.72 23.22 24.94 OK
r-release-macos-arm64 1.0.0 20.00 NOTE
r-release-macos-x86_64 1.0.0 25.00 NOTE
r-release-windows-x86_64 1.0.0 7.00 52.00 59.00 OK
r-oldrel-macos-arm64 1.0.0 19.00 NOTE
r-oldrel-macos-x86_64 1.0.0 25.00 NOTE
r-oldrel-windows-ix86+x86_64 1.0.0 5.00 51.00 56.00 OK

Check Details

Version: 1.0.0
Check: dependencies in R code
Result: NOTE
    Namespace in Imports field not imported from: ‘pbmcapply’
     All declared Imports should be used.
Flavors: r-devel-linux-x86_64-fedora-clang, r-devel-linux-x86_64-fedora-gcc, r-release-macos-arm64, r-release-macos-x86_64, r-oldrel-macos-arm64, r-oldrel-macos-x86_64