CRAN Package Check Results for Package mapedit

Last updated on 2022-01-23 18:50:55 CET.

Flavor Version Tinstall Tcheck Ttotal Status Flags
r-devel-linux-x86_64-debian-clang 0.6.0 4.93 56.61 61.54 NOTE
r-devel-linux-x86_64-debian-gcc 0.6.0 3.99 48.17 52.16 NOTE
r-devel-linux-x86_64-fedora-clang 0.6.0 76.37 NOTE
r-devel-linux-x86_64-fedora-gcc 0.6.0 62.71 NOTE
r-devel-windows-x86_64-new-UL 0.6.0 31.00 80.00 111.00 NOTE
r-devel-windows-x86_64-new-TK 0.6.0 NOTE
r-patched-linux-x86_64 0.6.0 8.13 55.46 63.59 NOTE
r-release-linux-x86_64 0.6.0 3.77 55.58 59.35 NOTE
r-release-macos-arm64 0.6.0 NOTE
r-release-macos-x86_64 0.6.0 NOTE
r-release-windows-ix86+x86_64 0.6.0 12.00 75.00 87.00 NOTE
r-oldrel-macos-x86_64 0.6.0 OK
r-oldrel-windows-ix86+x86_64 0.6.0 12.00 74.00 86.00 OK

Check Details

Version: 0.6.0
Check: LazyData
Result: NOTE
     'LazyData' is specified without a 'data' directory
Flavors: r-devel-linux-x86_64-debian-clang, r-devel-linux-x86_64-debian-gcc, r-devel-linux-x86_64-fedora-clang, r-devel-linux-x86_64-fedora-gcc, r-devel-windows-x86_64-new-UL, r-devel-windows-x86_64-new-TK, r-patched-linux-x86_64, r-release-linux-x86_64, r-release-macos-arm64, r-release-macos-x86_64, r-release-windows-ix86+x86_64