Last updated on 2022-05-27 13:51:49 CEST.
Flavor | Version | Tinstall | Tcheck | Ttotal | Status | Flags |
---|---|---|---|---|---|---|
r-devel-linux-x86_64-debian-clang | 0.3.4 | 307.02 | 70.82 | 377.84 | OK | |
r-devel-linux-x86_64-debian-gcc | 0.3.4 | 291.56 | 53.70 | 345.26 | OK | |
r-devel-linux-x86_64-fedora-clang | 0.3.4 | 524.80 | NOTE | |||
r-devel-linux-x86_64-fedora-gcc | 0.3.4 | 562.77 | OK | |||
r-devel-windows-x86_64 | 0.3.4 | 255.00 | 142.00 | 397.00 | NOTE | |
r-patched-linux-x86_64 | 0.3.4 | 306.81 | 68.97 | 375.78 | OK | |
r-release-linux-x86_64 | 0.3.4 | 311.85 | 67.19 | 379.04 | OK | |
r-release-macos-arm64 | 0.3.4 | 123.00 | NOTE | |||
r-release-macos-x86_64 | 0.3.4 | 205.00 | NOTE | |||
r-release-windows-x86_64 | 0.3.4 | 269.00 | 141.00 | 410.00 | NOTE | |
r-oldrel-macos-arm64 | 0.3.4 | 136.00 | NOTE | |||
r-oldrel-macos-x86_64 | 0.3.4 | 168.00 | NOTE | |||
r-oldrel-windows-ix86+x86_64 | 0.3.4 | 642.00 | 134.00 | 776.00 | NOTE |
Version: 0.3.4
Check: installed package size
Result: NOTE
installed size is 25.8Mb
sub-directories of 1Mb or more:
data 1.3Mb
doc 1.6Mb
htmlwidgets 2.3Mb
libs 20.2Mb
Flavors: r-devel-linux-x86_64-fedora-clang, r-devel-windows-x86_64, r-release-macos-arm64, r-release-macos-x86_64, r-release-windows-x86_64, r-oldrel-macos-arm64, r-oldrel-macos-x86_64, r-oldrel-windows-ix86+x86_64